{"id":158,"date":"2023-11-06T07:02:53","date_gmt":"2023-11-06T07:02:53","guid":{"rendered":"https:\/\/thekeyservices.es\/?post_type=propiedades&#038;p=158"},"modified":"2025-03-14T15:18:15","modified_gmt":"2025-03-14T15:18:15","slug":"villa-mediterranean","status":"publish","type":"propiedades","link":"https:\/\/thekeyservices.es\/en\/propiedades\/villa-mediterranean\/","title":{"rendered":"Mediterranean Villa"},"content":{"rendered":"<p>Welcome to Villa Rocas, an extraordinary luxury villa located in the prestigious area of Carri\u00f3, in Calpe. With its stunning views of both beaches that join the Pe\u00f1\u00f3n de Ifach, this villa offers a serene and tranquil setting for your holidays near the sea. With 5 large bedrooms, including one on the ground floor with direct access to the pool, Villa Rocas offers ample space for relaxation and privacy. Go outside and discover the cozy outdoor area, with a charming terrace and a beautiful outdoor space that surrounds the entire property.<\/p>\n<p>Designed with large windows, Villa Rocas allows you to immerse yourself in mesmerizing sunsets and enjoy the gentle morning breeze. The villa&#039;s warm Mediterranean-inspired d\u00e9cor creates a welcoming atmosphere that will make you feel instantly at home.<\/p>\n<p>Villa Rocas is the definitive destination for an unforgettable holiday in Calpe. Whether you are looking for relaxation, adventure or both, this villa offers you the perfect base for your Mediterranean getaway.<\/p>\n<p>Book your stay at Villa Rocas today and embark on an incredible journey of luxury and tranquility.<\/p>\n<p><strong>CHARACTERISTICS:<\/strong><\/p>\n<ul>\n<li>5 Rooms<\/li>\n<li>4 Bathrooms<\/li>\n<li>Split System<\/li>\n<li>Pool<\/li>\n<li>Terrace<\/li>\n<li>Garage<\/li>\n<li>Wifi<\/li>\n<\/ul>\n<p>&nbsp;<\/p>\n<p><strong>Sale Price: From \u20ac1,750,000. \u00a0<a href=\"https:\/\/thekeyservices.es\/wp-content\/uploads\/2024\/02\/Las-Rocas-ES-3_compressed.pdf\">See conditions<\/a><\/strong><\/p>","protected":false},"featured_media":165,"template":"","venta-o-alquiler":[13,22],"categoria-de-propiedad":[5],"class_list":["post-158","propiedades","type-propiedades","status-publish","has-post-thumbnail","hentry","venta-o-alquiler-alquiler","venta-o-alquiler-venta","categoria-de-propiedad-villas"],"yoast_head":"<!-- This site is optimized with the Yoast SEO Premium plugin v22.7 (Yoast SEO v27.4) - https:\/\/yoast.com\/product\/yoast-seo-premium-wordpress\/ -->\n<title>Villa Mediterranean - The Key Services<\/title>\n<meta name=\"robots\" content=\"index, follow, max-snippet:-1, max-image-preview:large, max-video-preview:-1\" \/>\n<link rel=\"canonical\" href=\"https:\/\/thekeyservices.es\/en\/propiedades\/villa-mediterranean\/\" \/>\n<meta property=\"og:locale\" content=\"en_GB\" \/>\n<meta property=\"og:type\" content=\"article\" \/>\n<meta property=\"og:title\" content=\"Villa Mediterranean\" \/>\n<meta property=\"og:description\" content=\"Bienvenido a Villa Rocas, una extraordinaria villa de lujo situada en la prestigiosa zona de Carri\u00f3, en Calpe. Con sus impresionantes vistas a ambas playas que juntan en el Pe\u00f1\u00f3n de Ifach, esta villa ofrece un entorno sereno y tranquilo para tus vacaciones cerca del mar.Con 5 amplios dormitorios, incluyendo uno en la planta baja [&hellip;]\" \/>\n<meta property=\"og:url\" content=\"https:\/\/thekeyservices.es\/en\/propiedades\/villa-mediterranean\/\" \/>\n<meta property=\"og:site_name\" content=\"The Key Services\" \/>\n<meta property=\"article:publisher\" content=\"https:\/\/www.facebook.com\/thekeyservices\/?locale=hi_IN\" \/>\n<meta property=\"article:modified_time\" content=\"2025-03-14T15:18:15+00:00\" \/>\n<meta property=\"og:image\" content=\"https:\/\/thekeyservices.es\/wp-content\/uploads\/2023\/08\/Rocas-19.jpg\" \/>\n\t<meta property=\"og:image:width\" content=\"1000\" \/>\n\t<meta property=\"og:image:height\" content=\"1000\" \/>\n\t<meta property=\"og:image:type\" content=\"image\/jpeg\" \/>\n<meta name=\"twitter:card\" content=\"summary_large_image\" \/>\n<meta name=\"twitter:label1\" content=\"Estimated reading time\" \/>\n\t<meta name=\"twitter:data1\" content=\"2 minutes\" \/>\n<script type=\"application\/ld+json\" class=\"yoast-schema-graph\">{\"@context\":\"https:\\\/\\\/schema.org\",\"@graph\":[{\"@type\":\"WebPage\",\"@id\":\"https:\\\/\\\/thekeyservices.es\\\/propiedades\\\/villa-mediterranean\\\/\",\"url\":\"https:\\\/\\\/thekeyservices.es\\\/propiedades\\\/villa-mediterranean\\\/\",\"name\":\"Villa Mediterranean - The Key Services\",\"isPartOf\":{\"@id\":\"https:\\\/\\\/thekeyservices.es\\\/#website\"},\"primaryImageOfPage\":{\"@id\":\"https:\\\/\\\/thekeyservices.es\\\/propiedades\\\/villa-mediterranean\\\/#primaryimage\"},\"image\":{\"@id\":\"https:\\\/\\\/thekeyservices.es\\\/propiedades\\\/villa-mediterranean\\\/#primaryimage\"},\"thumbnailUrl\":\"https:\\\/\\\/thekeyservices.es\\\/wp-content\\\/uploads\\\/2023\\\/08\\\/Rocas-19.jpg\",\"datePublished\":\"2023-11-06T07:02:53+00:00\",\"dateModified\":\"2025-03-14T15:18:15+00:00\",\"breadcrumb\":{\"@id\":\"https:\\\/\\\/thekeyservices.es\\\/propiedades\\\/villa-mediterranean\\\/#breadcrumb\"},\"inLanguage\":\"en-GB\",\"potentialAction\":[{\"@type\":\"ReadAction\",\"target\":[\"https:\\\/\\\/thekeyservices.es\\\/propiedades\\\/villa-mediterranean\\\/\"]}]},{\"@type\":\"ImageObject\",\"inLanguage\":\"en-GB\",\"@id\":\"https:\\\/\\\/thekeyservices.es\\\/propiedades\\\/villa-mediterranean\\\/#primaryimage\",\"url\":\"https:\\\/\\\/thekeyservices.es\\\/wp-content\\\/uploads\\\/2023\\\/08\\\/Rocas-19.jpg\",\"contentUrl\":\"https:\\\/\\\/thekeyservices.es\\\/wp-content\\\/uploads\\\/2023\\\/08\\\/Rocas-19.jpg\",\"width\":1000,\"height\":1000},{\"@type\":\"BreadcrumbList\",\"@id\":\"https:\\\/\\\/thekeyservices.es\\\/propiedades\\\/villa-mediterranean\\\/#breadcrumb\",\"itemListElement\":[{\"@type\":\"ListItem\",\"position\":1,\"name\":\"Portada\",\"item\":\"https:\\\/\\\/thekeyservices.es\\\/\"},{\"@type\":\"ListItem\",\"position\":2,\"name\":\"Propiedades\",\"item\":\"https:\\\/\\\/thekeyservices.es\\\/propiedades\\\/\"},{\"@type\":\"ListItem\",\"position\":3,\"name\":\"Villa Mediterranean\"}]},{\"@type\":\"WebSite\",\"@id\":\"https:\\\/\\\/thekeyservices.es\\\/#website\",\"url\":\"https:\\\/\\\/thekeyservices.es\\\/\",\"name\":\"The Key Services\",\"description\":\"Alquiler Vacacional en Calpe y Alrededores\",\"publisher\":{\"@id\":\"https:\\\/\\\/thekeyservices.es\\\/#organization\"},\"potentialAction\":[{\"@type\":\"SearchAction\",\"target\":{\"@type\":\"EntryPoint\",\"urlTemplate\":\"https:\\\/\\\/thekeyservices.es\\\/?s={search_term_string}\"},\"query-input\":{\"@type\":\"PropertyValueSpecification\",\"valueRequired\":true,\"valueName\":\"search_term_string\"}}],\"inLanguage\":\"en-GB\"},{\"@type\":\"Organization\",\"@id\":\"https:\\\/\\\/thekeyservices.es\\\/#organization\",\"name\":\"The Key Services\",\"url\":\"https:\\\/\\\/thekeyservices.es\\\/\",\"logo\":{\"@type\":\"ImageObject\",\"inLanguage\":\"en-GB\",\"@id\":\"https:\\\/\\\/thekeyservices.es\\\/#\\\/schema\\\/logo\\\/image\\\/\",\"url\":\"https:\\\/\\\/thekeyservices.es\\\/wp-content\\\/uploads\\\/2023\\\/11\\\/the-key-logo-calpe.png\",\"contentUrl\":\"https:\\\/\\\/thekeyservices.es\\\/wp-content\\\/uploads\\\/2023\\\/11\\\/the-key-logo-calpe.png\",\"width\":600,\"height\":300,\"caption\":\"The Key Services\"},\"image\":{\"@id\":\"https:\\\/\\\/thekeyservices.es\\\/#\\\/schema\\\/logo\\\/image\\\/\"},\"sameAs\":[\"https:\\\/\\\/www.facebook.com\\\/thekeyservices\\\/?locale=hi_IN\",\"https:\\\/\\\/www.instagram.com\\\/thekeyservices\\\/?hl=es\"]}]}<\/script>\n<!-- \/ Yoast SEO Premium plugin. -->","yoast_head_json":{"title":"Villa Mediterranean - The Key Services","robots":{"index":"index","follow":"follow","max-snippet":"max-snippet:-1","max-image-preview":"max-image-preview:large","max-video-preview":"max-video-preview:-1"},"canonical":"https:\/\/thekeyservices.es\/en\/propiedades\/villa-mediterranean\/","og_locale":"en_GB","og_type":"article","og_title":"Villa Mediterranean","og_description":"Bienvenido a Villa Rocas, una extraordinaria villa de lujo situada en la prestigiosa zona de Carri\u00f3, en Calpe. Con sus impresionantes vistas a ambas playas que juntan en el Pe\u00f1\u00f3n de Ifach, esta villa ofrece un entorno sereno y tranquilo para tus vacaciones cerca del mar.Con 5 amplios dormitorios, incluyendo uno en la planta baja [&hellip;]","og_url":"https:\/\/thekeyservices.es\/en\/propiedades\/villa-mediterranean\/","og_site_name":"The Key Services","article_publisher":"https:\/\/www.facebook.com\/thekeyservices\/?locale=hi_IN","article_modified_time":"2025-03-14T15:18:15+00:00","og_image":[{"width":1000,"height":1000,"url":"https:\/\/thekeyservices.es\/wp-content\/uploads\/2023\/08\/Rocas-19.jpg","type":"image\/jpeg"}],"twitter_card":"summary_large_image","twitter_misc":{"Estimated reading time":"2 minutes"},"schema":{"@context":"https:\/\/schema.org","@graph":[{"@type":"WebPage","@id":"https:\/\/thekeyservices.es\/propiedades\/villa-mediterranean\/","url":"https:\/\/thekeyservices.es\/propiedades\/villa-mediterranean\/","name":"Villa Mediterranean - The Key Services","isPartOf":{"@id":"https:\/\/thekeyservices.es\/#website"},"primaryImageOfPage":{"@id":"https:\/\/thekeyservices.es\/propiedades\/villa-mediterranean\/#primaryimage"},"image":{"@id":"https:\/\/thekeyservices.es\/propiedades\/villa-mediterranean\/#primaryimage"},"thumbnailUrl":"https:\/\/thekeyservices.es\/wp-content\/uploads\/2023\/08\/Rocas-19.jpg","datePublished":"2023-11-06T07:02:53+00:00","dateModified":"2025-03-14T15:18:15+00:00","breadcrumb":{"@id":"https:\/\/thekeyservices.es\/propiedades\/villa-mediterranean\/#breadcrumb"},"inLanguage":"en-GB","potentialAction":[{"@type":"ReadAction","target":["https:\/\/thekeyservices.es\/propiedades\/villa-mediterranean\/"]}]},{"@type":"ImageObject","inLanguage":"en-GB","@id":"https:\/\/thekeyservices.es\/propiedades\/villa-mediterranean\/#primaryimage","url":"https:\/\/thekeyservices.es\/wp-content\/uploads\/2023\/08\/Rocas-19.jpg","contentUrl":"https:\/\/thekeyservices.es\/wp-content\/uploads\/2023\/08\/Rocas-19.jpg","width":1000,"height":1000},{"@type":"BreadcrumbList","@id":"https:\/\/thekeyservices.es\/propiedades\/villa-mediterranean\/#breadcrumb","itemListElement":[{"@type":"ListItem","position":1,"name":"Portada","item":"https:\/\/thekeyservices.es\/"},{"@type":"ListItem","position":2,"name":"Propiedades","item":"https:\/\/thekeyservices.es\/propiedades\/"},{"@type":"ListItem","position":3,"name":"Villa Mediterranean"}]},{"@type":"WebSite","@id":"https:\/\/thekeyservices.es\/#website","url":"https:\/\/thekeyservices.es\/","name":"The Key Services","description":"Holiday rentals in Calpe and surrounding areas","publisher":{"@id":"https:\/\/thekeyservices.es\/#organization"},"potentialAction":[{"@type":"SearchAction","target":{"@type":"EntryPoint","urlTemplate":"https:\/\/thekeyservices.es\/?s={search_term_string}"},"query-input":{"@type":"PropertyValueSpecification","valueRequired":true,"valueName":"search_term_string"}}],"inLanguage":"en-GB"},{"@type":"Organization","@id":"https:\/\/thekeyservices.es\/#organization","name":"The Key Services","url":"https:\/\/thekeyservices.es\/","logo":{"@type":"ImageObject","inLanguage":"en-GB","@id":"https:\/\/thekeyservices.es\/#\/schema\/logo\/image\/","url":"https:\/\/thekeyservices.es\/wp-content\/uploads\/2023\/11\/the-key-logo-calpe.png","contentUrl":"https:\/\/thekeyservices.es\/wp-content\/uploads\/2023\/11\/the-key-logo-calpe.png","width":600,"height":300,"caption":"The Key Services"},"image":{"@id":"https:\/\/thekeyservices.es\/#\/schema\/logo\/image\/"},"sameAs":["https:\/\/www.facebook.com\/thekeyservices\/?locale=hi_IN","https:\/\/www.instagram.com\/thekeyservices\/?hl=es"]}]}},"_links":{"self":[{"href":"https:\/\/thekeyservices.es\/en\/wp-json\/wp\/v2\/propiedades\/158","targetHints":{"allow":["GET"]}}],"collection":[{"href":"https:\/\/thekeyservices.es\/en\/wp-json\/wp\/v2\/propiedades"}],"about":[{"href":"https:\/\/thekeyservices.es\/en\/wp-json\/wp\/v2\/types\/propiedades"}],"wp:featuredmedia":[{"embeddable":true,"href":"https:\/\/thekeyservices.es\/en\/wp-json\/wp\/v2\/media\/165"}],"wp:attachment":[{"href":"https:\/\/thekeyservices.es\/en\/wp-json\/wp\/v2\/media?parent=158"}],"wp:term":[{"taxonomy":"venta-o-alquiler","embeddable":true,"href":"https:\/\/thekeyservices.es\/en\/wp-json\/wp\/v2\/venta-o-alquiler?post=158"},{"taxonomy":"categoria-de-propiedad","embeddable":true,"href":"https:\/\/thekeyservices.es\/en\/wp-json\/wp\/v2\/categoria-de-propiedad?post=158"}],"curies":[{"name":"wp","href":"https:\/\/api.w.org\/{rel}","templated":true}]}}

<p>Welcome to Villa Rocas, an extraordinary luxury villa located in the prestigious area of Carrió, in Calpe. With its stunning views of both beaches that join the Peñón de Ifach, this villa offers a serene and tranquil setting for your holidays near the sea. With 5 large bedrooms, including one on the ground floor with direct access to the pool, Villa Rocas offers ample space for relaxation and privacy. Go outside and discover the cozy outdoor area, with a charming terrace and a beautiful outdoor space that surrounds the entire property.</p>
<p>Designed with large windows, Villa Rocas allows you to immerse yourself in mesmerizing sunsets and enjoy the gentle morning breeze. The villa&#039;s warm Mediterranean-inspired décor creates a welcoming atmosphere that will make you feel instantly at home.</p>
<p>Villa Rocas is the definitive destination for an unforgettable holiday in Calpe. Whether you are looking for relaxation, adventure or both, this villa offers you the perfect base for your Mediterranean getaway.</p>
<p>Book your stay at Villa Rocas today and embark on an incredible journey of luxury and tranquility.</p>
<p><strong>CHARACTERISTICS:</strong></p>
<ul>
<li>5 Rooms</li>
<li>4 Bathrooms</li>
<li>Split System</li>
<li>Pool</li>
<li>Terrace</li>
<li>Garage</li>
<li>Wifi</li>
</ul>
<p>&nbsp;</p>
<p><strong>Sale Price: From €1,750,000.  <a href="https://thekeyservices.es/wp-content/uploads/2024/02/Las-Rocas-ES-3_compressed.pdf">See conditions</a></strong></p>

<!-- This site is optimized with the Yoast SEO Premium plugin v22.7 (Yoast SEO v27.4) - https://yoast.com/product/yoast-seo-premium-wordpress/ -->
<title>Villa Mediterranean - The Key Services</title>
<meta name="robots" content="index, follow, max-snippet:-1, max-image-preview:large, max-video-preview:-1" />
<link rel="canonical" href="https://thekeyservices.es/en/propiedades/villa-mediterranean/" />
<meta property="og:locale" content="en_GB" />
<meta property="og:type" content="article" />
<meta property="og:title" content="Villa Mediterranean" />
<meta property="og:description" content="Bienvenido a Villa Rocas, una extraordinaria villa de lujo situada en la prestigiosa zona de Carrió, en Calpe. Con sus impresionantes vistas a ambas playas que juntan en el Peñón de Ifach, esta villa ofrece un entorno sereno y tranquilo para tus vacaciones cerca del mar.Con 5 amplios dormitorios, incluyendo uno en la planta baja [&hellip;]" />
<meta property="og:url" content="https://thekeyservices.es/en/propiedades/villa-mediterranean/" />
<meta property="og:site_name" content="The Key Services" />
<meta property="article:publisher" content="https://www.facebook.com/thekeyservices/?locale=hi_IN" />
<meta property="article:modified_time" content="2025-03-14T15:18:15+00:00" />
<meta property="og:image" content="https://thekeyservices.es/wp-content/uploads/2023/08/Rocas-19.jpg" />
	<meta property="og:image:width" content="1000" />
	<meta property="og:image:height" content="1000" />
	<meta property="og:image:type" content="image/jpeg" />
<meta name="twitter:card" content="summary_large_image" />
<meta name="twitter:label1" content="Estimated reading time" />
	<meta name="twitter:data1" content="2 minutes" />
<script type="application/ld+json" class="yoast-schema-graph">{"@context":"https:\/\/schema.org","@graph":[{"@type":"WebPage","@id":"https:\/\/thekeyservices.es\/propiedades\/villa-mediterranean\/","url":"https:\/\/thekeyservices.es\/propiedades\/villa-mediterranean\/","name":"Villa Mediterranean - The Key Services","isPartOf":{"@id":"https:\/\/thekeyservices.es\/#website"},"primaryImageOfPage":{"@id":"https:\/\/thekeyservices.es\/propiedades\/villa-mediterranean\/#primaryimage"},"image":{"@id":"https:\/\/thekeyservices.es\/propiedades\/villa-mediterranean\/#primaryimage"},"thumbnailUrl":"https:\/\/thekeyservices.es\/wp-content\/uploads\/2023\/08\/Rocas-19.jpg","datePublished":"2023-11-06T07:02:53+00:00","dateModified":"2025-03-14T15:18:15+00:00","breadcrumb":{"@id":"https:\/\/thekeyservices.es\/propiedades\/villa-mediterranean\/#breadcrumb"},"inLanguage":"en-GB","potentialAction":[{"@type":"ReadAction","target":["https:\/\/thekeyservices.es\/propiedades\/villa-mediterranean\/"]}]},{"@type":"ImageObject","inLanguage":"en-GB","@id":"https:\/\/thekeyservices.es\/propiedades\/villa-mediterranean\/#primaryimage","url":"https:\/\/thekeyservices.es\/wp-content\/uploads\/2023\/08\/Rocas-19.jpg","contentUrl":"https:\/\/thekeyservices.es\/wp-content\/uploads\/2023\/08\/Rocas-19.jpg","width":1000,"height":1000},{"@type":"BreadcrumbList","@id":"https:\/\/thekeyservices.es\/propiedades\/villa-mediterranean\/#breadcrumb","itemListElement":[{"@type":"ListItem","position":1,"name":"Portada","item":"https:\/\/thekeyservices.es\/"},{"@type":"ListItem","position":2,"name":"Propiedades","item":"https:\/\/thekeyservices.es\/propiedades\/"},{"@type":"ListItem","position":3,"name":"Villa Mediterranean"}]},{"@type":"WebSite","@id":"https:\/\/thekeyservices.es\/#website","url":"https:\/\/thekeyservices.es\/","name":"The Key Services","description":"Alquiler Vacacional en Calpe y Alrededores","publisher":{"@id":"https:\/\/thekeyservices.es\/#organization"},"potentialAction":[{"@type":"SearchAction","target":{"@type":"EntryPoint","urlTemplate":"https:\/\/thekeyservices.es\/?s={search_term_string}"},"query-input":{"@type":"PropertyValueSpecification","valueRequired":true,"valueName":"search_term_string"}}],"inLanguage":"en-GB"},{"@type":"Organization","@id":"https:\/\/thekeyservices.es\/#organization","name":"The Key Services","url":"https:\/\/thekeyservices.es\/","logo":{"@type":"ImageObject","inLanguage":"en-GB","@id":"https:\/\/thekeyservices.es\/#\/schema\/logo\/image\/","url":"https:\/\/thekeyservices.es\/wp-content\/uploads\/2023\/11\/the-key-logo-calpe.png","contentUrl":"https:\/\/thekeyservices.es\/wp-content\/uploads\/2023\/11\/the-key-logo-calpe.png","width":600,"height":300,"caption":"The Key Services"},"image":{"@id":"https:\/\/thekeyservices.es\/#\/schema\/logo\/image\/"},"sameAs":["https:\/\/www.facebook.com\/thekeyservices\/?locale=hi_IN","https:\/\/www.instagram.com\/thekeyservices\/?hl=es"]}]}</script>
<!-- / Yoast SEO Premium plugin. -->

Bienvenido a Villa Rocas, una extraordinaria villa de lujo situada en la prestigiosa zona de Carrió, en Calpe. Con sus impresionantes vistas a ambas playas que juntan en el Peñón de Ifach, esta villa ofrece un entorno sereno y tranquilo para tus vacaciones cerca del mar.Con 5 amplios dormitorios, incluyendo uno en la planta baja [&hellip;]
