{"id":248,"date":"2023-11-03T07:22:51","date_gmt":"2023-11-03T07:22:51","guid":{"rendered":"https:\/\/thekeyservices.es\/?post_type=propiedades&#038;p=248"},"modified":"2023-11-06T15:59:12","modified_gmt":"2023-11-06T15:59:12","slug":"villa-celier","status":"publish","type":"propiedades","link":"https:\/\/thekeyservices.es\/en\/propiedades\/villa-celier\/","title":{"rendered":"Villa Celier"},"content":{"rendered":"<p>Wonderful Mediterranean-style villa for 7 people with private pool just 15 minutes walk from the beach.<\/p>\n<p>The villa has terraces in most of the rooms, inviting you to enjoy the good weather in Benissa. It has two outdoor dining rooms and a barbecue area, as well as a solarium with grass perfect for relaxing.<\/p>\n<p>The main room has its own bathroom and the other rooms are made up of single beds.<\/p>","protected":false},"featured_media":263,"template":"","venta-o-alquiler":[13],"categoria-de-propiedad":[5],"class_list":["post-248","propiedades","type-propiedades","status-publish","has-post-thumbnail","hentry","venta-o-alquiler-alquiler","categoria-de-propiedad-villas"],"yoast_head":"<!-- This site is optimized with the Yoast SEO Premium plugin v22.7 (Yoast SEO v27.4) - https:\/\/yoast.com\/product\/yoast-seo-premium-wordpress\/ -->\n<title>Villa Celier - The Key Services<\/title>\n<meta name=\"robots\" content=\"index, follow, max-snippet:-1, max-image-preview:large, max-video-preview:-1\" \/>\n<link rel=\"canonical\" href=\"https:\/\/thekeyservices.es\/en\/propiedades\/villa-celier\/\" \/>\n<meta property=\"og:locale\" content=\"en_GB\" \/>\n<meta property=\"og:type\" content=\"article\" \/>\n<meta property=\"og:title\" content=\"Villa Celier\" \/>\n<meta property=\"og:description\" content=\"Maravillosa villa de estilo mediterr\u00e1neo para 7 personas con piscina privada a tan solo 15 minutos de la playa andando. La villa cuenta con terrazas en la mayor\u00eda de las estancias invitando a disfrutar el buen tiempo de Benissa. Cuenta con dos comedores exteriores y una zona de barbacoa, as\u00ed como un sol\u00e1rium con c\u00e9sped [&hellip;]\" \/>\n<meta property=\"og:url\" content=\"https:\/\/thekeyservices.es\/en\/propiedades\/villa-celier\/\" \/>\n<meta property=\"og:site_name\" content=\"The Key Services\" \/>\n<meta property=\"article:publisher\" content=\"https:\/\/www.facebook.com\/thekeyservices\/?locale=hi_IN\" \/>\n<meta property=\"article:modified_time\" content=\"2023-11-06T15:59:12+00:00\" \/>\n<meta property=\"og:image\" content=\"https:\/\/thekeyservices.es\/wp-content\/uploads\/2023\/08\/Celier-1.jpg\" \/>\n\t<meta property=\"og:image:width\" content=\"1000\" \/>\n\t<meta property=\"og:image:height\" content=\"1000\" \/>\n\t<meta property=\"og:image:type\" content=\"image\/jpeg\" \/>\n<meta name=\"twitter:card\" content=\"summary_large_image\" \/>\n<script type=\"application\/ld+json\" class=\"yoast-schema-graph\">{\"@context\":\"https:\\\/\\\/schema.org\",\"@graph\":[{\"@type\":\"WebPage\",\"@id\":\"https:\\\/\\\/thekeyservices.es\\\/propiedades\\\/villa-celier\\\/\",\"url\":\"https:\\\/\\\/thekeyservices.es\\\/propiedades\\\/villa-celier\\\/\",\"name\":\"Villa Celier - The Key Services\",\"isPartOf\":{\"@id\":\"https:\\\/\\\/thekeyservices.es\\\/#website\"},\"primaryImageOfPage\":{\"@id\":\"https:\\\/\\\/thekeyservices.es\\\/propiedades\\\/villa-celier\\\/#primaryimage\"},\"image\":{\"@id\":\"https:\\\/\\\/thekeyservices.es\\\/propiedades\\\/villa-celier\\\/#primaryimage\"},\"thumbnailUrl\":\"https:\\\/\\\/thekeyservices.es\\\/wp-content\\\/uploads\\\/2023\\\/08\\\/Celier-1.jpg\",\"datePublished\":\"2023-11-03T07:22:51+00:00\",\"dateModified\":\"2023-11-06T15:59:12+00:00\",\"breadcrumb\":{\"@id\":\"https:\\\/\\\/thekeyservices.es\\\/propiedades\\\/villa-celier\\\/#breadcrumb\"},\"inLanguage\":\"en-GB\",\"potentialAction\":[{\"@type\":\"ReadAction\",\"target\":[\"https:\\\/\\\/thekeyservices.es\\\/propiedades\\\/villa-celier\\\/\"]}]},{\"@type\":\"ImageObject\",\"inLanguage\":\"en-GB\",\"@id\":\"https:\\\/\\\/thekeyservices.es\\\/propiedades\\\/villa-celier\\\/#primaryimage\",\"url\":\"https:\\\/\\\/thekeyservices.es\\\/wp-content\\\/uploads\\\/2023\\\/08\\\/Celier-1.jpg\",\"contentUrl\":\"https:\\\/\\\/thekeyservices.es\\\/wp-content\\\/uploads\\\/2023\\\/08\\\/Celier-1.jpg\",\"width\":1000,\"height\":1000},{\"@type\":\"BreadcrumbList\",\"@id\":\"https:\\\/\\\/thekeyservices.es\\\/propiedades\\\/villa-celier\\\/#breadcrumb\",\"itemListElement\":[{\"@type\":\"ListItem\",\"position\":1,\"name\":\"Portada\",\"item\":\"https:\\\/\\\/thekeyservices.es\\\/\"},{\"@type\":\"ListItem\",\"position\":2,\"name\":\"Propiedades\",\"item\":\"https:\\\/\\\/thekeyservices.es\\\/propiedades\\\/\"},{\"@type\":\"ListItem\",\"position\":3,\"name\":\"Villa Celier\"}]},{\"@type\":\"WebSite\",\"@id\":\"https:\\\/\\\/thekeyservices.es\\\/#website\",\"url\":\"https:\\\/\\\/thekeyservices.es\\\/\",\"name\":\"The Key Services\",\"description\":\"Alquiler Vacacional en Calpe y Alrededores\",\"publisher\":{\"@id\":\"https:\\\/\\\/thekeyservices.es\\\/#organization\"},\"potentialAction\":[{\"@type\":\"SearchAction\",\"target\":{\"@type\":\"EntryPoint\",\"urlTemplate\":\"https:\\\/\\\/thekeyservices.es\\\/?s={search_term_string}\"},\"query-input\":{\"@type\":\"PropertyValueSpecification\",\"valueRequired\":true,\"valueName\":\"search_term_string\"}}],\"inLanguage\":\"en-GB\"},{\"@type\":\"Organization\",\"@id\":\"https:\\\/\\\/thekeyservices.es\\\/#organization\",\"name\":\"The Key Services\",\"url\":\"https:\\\/\\\/thekeyservices.es\\\/\",\"logo\":{\"@type\":\"ImageObject\",\"inLanguage\":\"en-GB\",\"@id\":\"https:\\\/\\\/thekeyservices.es\\\/#\\\/schema\\\/logo\\\/image\\\/\",\"url\":\"https:\\\/\\\/thekeyservices.es\\\/wp-content\\\/uploads\\\/2023\\\/11\\\/the-key-logo-calpe.png\",\"contentUrl\":\"https:\\\/\\\/thekeyservices.es\\\/wp-content\\\/uploads\\\/2023\\\/11\\\/the-key-logo-calpe.png\",\"width\":600,\"height\":300,\"caption\":\"The Key Services\"},\"image\":{\"@id\":\"https:\\\/\\\/thekeyservices.es\\\/#\\\/schema\\\/logo\\\/image\\\/\"},\"sameAs\":[\"https:\\\/\\\/www.facebook.com\\\/thekeyservices\\\/?locale=hi_IN\",\"https:\\\/\\\/www.instagram.com\\\/thekeyservices\\\/?hl=es\"]}]}<\/script>\n<!-- \/ Yoast SEO Premium plugin. -->","yoast_head_json":{"title":"Villa Celier - The Key Services","robots":{"index":"index","follow":"follow","max-snippet":"max-snippet:-1","max-image-preview":"max-image-preview:large","max-video-preview":"max-video-preview:-1"},"canonical":"https:\/\/thekeyservices.es\/en\/propiedades\/villa-celier\/","og_locale":"en_GB","og_type":"article","og_title":"Villa Celier","og_description":"Maravillosa villa de estilo mediterr\u00e1neo para 7 personas con piscina privada a tan solo 15 minutos de la playa andando. La villa cuenta con terrazas en la mayor\u00eda de las estancias invitando a disfrutar el buen tiempo de Benissa. Cuenta con dos comedores exteriores y una zona de barbacoa, as\u00ed como un sol\u00e1rium con c\u00e9sped [&hellip;]","og_url":"https:\/\/thekeyservices.es\/en\/propiedades\/villa-celier\/","og_site_name":"The Key Services","article_publisher":"https:\/\/www.facebook.com\/thekeyservices\/?locale=hi_IN","article_modified_time":"2023-11-06T15:59:12+00:00","og_image":[{"width":1000,"height":1000,"url":"https:\/\/thekeyservices.es\/wp-content\/uploads\/2023\/08\/Celier-1.jpg","type":"image\/jpeg"}],"twitter_card":"summary_large_image","schema":{"@context":"https:\/\/schema.org","@graph":[{"@type":"WebPage","@id":"https:\/\/thekeyservices.es\/propiedades\/villa-celier\/","url":"https:\/\/thekeyservices.es\/propiedades\/villa-celier\/","name":"Villa Celier - The Key Services","isPartOf":{"@id":"https:\/\/thekeyservices.es\/#website"},"primaryImageOfPage":{"@id":"https:\/\/thekeyservices.es\/propiedades\/villa-celier\/#primaryimage"},"image":{"@id":"https:\/\/thekeyservices.es\/propiedades\/villa-celier\/#primaryimage"},"thumbnailUrl":"https:\/\/thekeyservices.es\/wp-content\/uploads\/2023\/08\/Celier-1.jpg","datePublished":"2023-11-03T07:22:51+00:00","dateModified":"2023-11-06T15:59:12+00:00","breadcrumb":{"@id":"https:\/\/thekeyservices.es\/propiedades\/villa-celier\/#breadcrumb"},"inLanguage":"en-GB","potentialAction":[{"@type":"ReadAction","target":["https:\/\/thekeyservices.es\/propiedades\/villa-celier\/"]}]},{"@type":"ImageObject","inLanguage":"en-GB","@id":"https:\/\/thekeyservices.es\/propiedades\/villa-celier\/#primaryimage","url":"https:\/\/thekeyservices.es\/wp-content\/uploads\/2023\/08\/Celier-1.jpg","contentUrl":"https:\/\/thekeyservices.es\/wp-content\/uploads\/2023\/08\/Celier-1.jpg","width":1000,"height":1000},{"@type":"BreadcrumbList","@id":"https:\/\/thekeyservices.es\/propiedades\/villa-celier\/#breadcrumb","itemListElement":[{"@type":"ListItem","position":1,"name":"Portada","item":"https:\/\/thekeyservices.es\/"},{"@type":"ListItem","position":2,"name":"Propiedades","item":"https:\/\/thekeyservices.es\/propiedades\/"},{"@type":"ListItem","position":3,"name":"Villa Celier"}]},{"@type":"WebSite","@id":"https:\/\/thekeyservices.es\/#website","url":"https:\/\/thekeyservices.es\/","name":"The Key Services","description":"Holiday rentals in Calpe and surrounding areas","publisher":{"@id":"https:\/\/thekeyservices.es\/#organization"},"potentialAction":[{"@type":"SearchAction","target":{"@type":"EntryPoint","urlTemplate":"https:\/\/thekeyservices.es\/?s={search_term_string}"},"query-input":{"@type":"PropertyValueSpecification","valueRequired":true,"valueName":"search_term_string"}}],"inLanguage":"en-GB"},{"@type":"Organization","@id":"https:\/\/thekeyservices.es\/#organization","name":"The Key Services","url":"https:\/\/thekeyservices.es\/","logo":{"@type":"ImageObject","inLanguage":"en-GB","@id":"https:\/\/thekeyservices.es\/#\/schema\/logo\/image\/","url":"https:\/\/thekeyservices.es\/wp-content\/uploads\/2023\/11\/the-key-logo-calpe.png","contentUrl":"https:\/\/thekeyservices.es\/wp-content\/uploads\/2023\/11\/the-key-logo-calpe.png","width":600,"height":300,"caption":"The Key Services"},"image":{"@id":"https:\/\/thekeyservices.es\/#\/schema\/logo\/image\/"},"sameAs":["https:\/\/www.facebook.com\/thekeyservices\/?locale=hi_IN","https:\/\/www.instagram.com\/thekeyservices\/?hl=es"]}]}},"_links":{"self":[{"href":"https:\/\/thekeyservices.es\/en\/wp-json\/wp\/v2\/propiedades\/248","targetHints":{"allow":["GET"]}}],"collection":[{"href":"https:\/\/thekeyservices.es\/en\/wp-json\/wp\/v2\/propiedades"}],"about":[{"href":"https:\/\/thekeyservices.es\/en\/wp-json\/wp\/v2\/types\/propiedades"}],"wp:featuredmedia":[{"embeddable":true,"href":"https:\/\/thekeyservices.es\/en\/wp-json\/wp\/v2\/media\/263"}],"wp:attachment":[{"href":"https:\/\/thekeyservices.es\/en\/wp-json\/wp\/v2\/media?parent=248"}],"wp:term":[{"taxonomy":"venta-o-alquiler","embeddable":true,"href":"https:\/\/thekeyservices.es\/en\/wp-json\/wp\/v2\/venta-o-alquiler?post=248"},{"taxonomy":"categoria-de-propiedad","embeddable":true,"href":"https:\/\/thekeyservices.es\/en\/wp-json\/wp\/v2\/categoria-de-propiedad?post=248"}],"curies":[{"name":"wp","href":"https:\/\/api.w.org\/{rel}","templated":true}]}}

<!-- This site is optimized with the Yoast SEO Premium plugin v22.7 (Yoast SEO v27.4) - https://yoast.com/product/yoast-seo-premium-wordpress/ -->
<title>Villa Celier - The Key Services</title>
<meta name="robots" content="index, follow, max-snippet:-1, max-image-preview:large, max-video-preview:-1" />
<link rel="canonical" href="https://thekeyservices.es/en/propiedades/villa-celier/" />
<meta property="og:locale" content="en_GB" />
<meta property="og:type" content="article" />
<meta property="og:title" content="Villa Celier" />
<meta property="og:description" content="Maravillosa villa de estilo mediterráneo para 7 personas con piscina privada a tan solo 15 minutos de la playa andando. La villa cuenta con terrazas en la mayoría de las estancias invitando a disfrutar el buen tiempo de Benissa. Cuenta con dos comedores exteriores y una zona de barbacoa, así como un solárium con césped [&hellip;]" />
<meta property="og:url" content="https://thekeyservices.es/en/propiedades/villa-celier/" />
<meta property="og:site_name" content="The Key Services" />
<meta property="article:publisher" content="https://www.facebook.com/thekeyservices/?locale=hi_IN" />
<meta property="article:modified_time" content="2023-11-06T15:59:12+00:00" />
<meta property="og:image" content="https://thekeyservices.es/wp-content/uploads/2023/08/Celier-1.jpg" />
	<meta property="og:image:width" content="1000" />
	<meta property="og:image:height" content="1000" />
	<meta property="og:image:type" content="image/jpeg" />
<meta name="twitter:card" content="summary_large_image" />
<script type="application/ld+json" class="yoast-schema-graph">{"@context":"https:\/\/schema.org","@graph":[{"@type":"WebPage","@id":"https:\/\/thekeyservices.es\/propiedades\/villa-celier\/","url":"https:\/\/thekeyservices.es\/propiedades\/villa-celier\/","name":"Villa Celier - The Key Services","isPartOf":{"@id":"https:\/\/thekeyservices.es\/#website"},"primaryImageOfPage":{"@id":"https:\/\/thekeyservices.es\/propiedades\/villa-celier\/#primaryimage"},"image":{"@id":"https:\/\/thekeyservices.es\/propiedades\/villa-celier\/#primaryimage"},"thumbnailUrl":"https:\/\/thekeyservices.es\/wp-content\/uploads\/2023\/08\/Celier-1.jpg","datePublished":"2023-11-03T07:22:51+00:00","dateModified":"2023-11-06T15:59:12+00:00","breadcrumb":{"@id":"https:\/\/thekeyservices.es\/propiedades\/villa-celier\/#breadcrumb"},"inLanguage":"en-GB","potentialAction":[{"@type":"ReadAction","target":["https:\/\/thekeyservices.es\/propiedades\/villa-celier\/"]}]},{"@type":"ImageObject","inLanguage":"en-GB","@id":"https:\/\/thekeyservices.es\/propiedades\/villa-celier\/#primaryimage","url":"https:\/\/thekeyservices.es\/wp-content\/uploads\/2023\/08\/Celier-1.jpg","contentUrl":"https:\/\/thekeyservices.es\/wp-content\/uploads\/2023\/08\/Celier-1.jpg","width":1000,"height":1000},{"@type":"BreadcrumbList","@id":"https:\/\/thekeyservices.es\/propiedades\/villa-celier\/#breadcrumb","itemListElement":[{"@type":"ListItem","position":1,"name":"Portada","item":"https:\/\/thekeyservices.es\/"},{"@type":"ListItem","position":2,"name":"Propiedades","item":"https:\/\/thekeyservices.es\/propiedades\/"},{"@type":"ListItem","position":3,"name":"Villa Celier"}]},{"@type":"WebSite","@id":"https:\/\/thekeyservices.es\/#website","url":"https:\/\/thekeyservices.es\/","name":"The Key Services","description":"Alquiler Vacacional en Calpe y Alrededores","publisher":{"@id":"https:\/\/thekeyservices.es\/#organization"},"potentialAction":[{"@type":"SearchAction","target":{"@type":"EntryPoint","urlTemplate":"https:\/\/thekeyservices.es\/?s={search_term_string}"},"query-input":{"@type":"PropertyValueSpecification","valueRequired":true,"valueName":"search_term_string"}}],"inLanguage":"en-GB"},{"@type":"Organization","@id":"https:\/\/thekeyservices.es\/#organization","name":"The Key Services","url":"https:\/\/thekeyservices.es\/","logo":{"@type":"ImageObject","inLanguage":"en-GB","@id":"https:\/\/thekeyservices.es\/#\/schema\/logo\/image\/","url":"https:\/\/thekeyservices.es\/wp-content\/uploads\/2023\/11\/the-key-logo-calpe.png","contentUrl":"https:\/\/thekeyservices.es\/wp-content\/uploads\/2023\/11\/the-key-logo-calpe.png","width":600,"height":300,"caption":"The Key Services"},"image":{"@id":"https:\/\/thekeyservices.es\/#\/schema\/logo\/image\/"},"sameAs":["https:\/\/www.facebook.com\/thekeyservices\/?locale=hi_IN","https:\/\/www.instagram.com\/thekeyservices\/?hl=es"]}]}</script>
<!-- / Yoast SEO Premium plugin. -->

Maravillosa villa de estilo mediterráneo para 7 personas con piscina privada a tan solo 15 minutos de la playa andando. La villa cuenta con terrazas en la mayoría de las estancias invitando a disfrutar el buen tiempo de Benissa. Cuenta con dos comedores exteriores y una zona de barbacoa, así como un solárium con césped [&hellip;]
