{"id":1337,"date":"2024-03-08T09:13:50","date_gmt":"2024-03-08T09:13:50","guid":{"rendered":"https:\/\/thekeyservices.es\/?post_type=propiedades&#038;p=1337"},"modified":"2024-10-02T16:19:23","modified_gmt":"2024-10-02T16:19:23","slug":"apartamento-estrella-amarilla-de-calpe","status":"publish","type":"propiedades","link":"https:\/\/thekeyservices.es\/fr\/propiedades\/apartamento-estrella-amarilla-de-calpe\/","title":{"rendered":"APPARTEMENT \u00c9TOILE JAUNE \u00c0 CALPE"},"content":{"rendered":"<p>Amusez-vous avec toute la famille dans cet h\u00e9bergement \u00e9l\u00e9gant.<\/p>\n<p>R\u00e9sidentiel tranquille \u00e0 proximit\u00e9 de tous les services et avec une ambiance familiale tr\u00e8s agr\u00e9able.<\/p>\n<p>L&#039;appartement est compos\u00e9 de deux \u00e9tages, o\u00f9 vous pourrez profiter en famille et cr\u00e9er des souvenirs inoubliables.<\/p>\n<p>L&#039;appartement comprend une chambre avec un lit double et une salle de bains privative et une autre chambre avec deux lits simples et une deuxi\u00e8me salle de bains.<\/p>\n<p>La cuisine est enti\u00e8rement \u00e9quip\u00e9e et dispose d&#039;un petit placard ext\u00e9rieur o\u00f9 vous trouverez le lave-linge.<\/p>\n<p>Le salon a acc\u00e8s \u00e0 un balcon avec vue sur le Pe\u00f1\u00f3n de Ifach et la piscine communautaire. Vous trouverez \u00e9galement une sortie avec des escaliers menant au toit o\u00f9 vous aurez \u00e0 votre disposition un espace pour vous d\u00e9tendre, profiter et faire un barbecue.<\/p>\n<p>Sans aucun doute, cet espace ext\u00e9rieur avec une vue agr\u00e9able sur la mer et les montagnes de Calpe vous fera profiter d&#039;incroyables couchers de soleil.<\/p>\n<p><strong>CARACT\u00c9RISTIQUES:<\/strong><\/p>\n<ul>\n<li>2 chambres<\/li>\n<li>2 salles de bains<\/li>\n<li>Syst\u00e8me divis\u00e9<\/li>\n<li>Air conditionn\u00e9<\/li>\n<li>2 piscines communautaires<\/li>\n<li>Balcon terrasse<\/li>\n<li>aire de stationnement<\/li>\n<\/ul>","protected":false},"featured_media":1610,"template":"","venta-o-alquiler":[13],"categoria-de-propiedad":[6],"class_list":["post-1337","propiedades","type-propiedades","status-publish","has-post-thumbnail","hentry","venta-o-alquiler-alquiler","categoria-de-propiedad-apartamentos"],"yoast_head":"<!-- This site is optimized with the Yoast SEO Premium plugin v22.7 (Yoast SEO v27.4) - https:\/\/yoast.com\/product\/yoast-seo-premium-wordpress\/ -->\n<title>APARTAMENTO ESTRELLA AMARILLA DE CALPE - The Key Services<\/title>\n<meta name=\"robots\" content=\"index, follow, max-snippet:-1, max-image-preview:large, max-video-preview:-1\" \/>\n<link rel=\"canonical\" href=\"https:\/\/thekeyservices.es\/fr\/propiedades\/apartamento-estrella-amarilla-de-calpe\/\" \/>\n<meta property=\"og:locale\" content=\"fr_FR\" \/>\n<meta property=\"og:type\" content=\"article\" \/>\n<meta property=\"og:title\" content=\"APARTAMENTO ESTRELLA AMARILLA DE CALPE\" \/>\n<meta property=\"og:description\" content=\"Divi\u00e9rtete con toda la familia en este alojamiento con estilo. Residencial tranquilo cerca de todos los servicios y con un ambiente familiar muy agradable. El apartamento se compone de dos plantas, donde disfrutar\u00e1s con tu familia y crear\u00e1s recuerdos inolvidables. El apartamento tiene una habitaci\u00f3n con cama de matrimonio y ba\u00f1o en suite y otra [&hellip;]\" \/>\n<meta property=\"og:url\" content=\"https:\/\/thekeyservices.es\/fr\/propiedades\/apartamento-estrella-amarilla-de-calpe\/\" \/>\n<meta property=\"og:site_name\" content=\"The Key Services\" \/>\n<meta property=\"article:publisher\" content=\"https:\/\/www.facebook.com\/thekeyservices\/?locale=hi_IN\" \/>\n<meta property=\"article:modified_time\" content=\"2024-10-02T16:19:23+00:00\" \/>\n<meta property=\"og:image\" content=\"https:\/\/thekeyservices.es\/wp-content\/uploads\/2024\/03\/WhatsApp-Image-2024-10-02-at-18.17.18-8.jpeg\" \/>\n\t<meta property=\"og:image:width\" content=\"1600\" \/>\n\t<meta property=\"og:image:height\" content=\"1066\" \/>\n\t<meta property=\"og:image:type\" content=\"image\/jpeg\" \/>\n<meta name=\"twitter:card\" content=\"summary_large_image\" \/>\n<meta name=\"twitter:label1\" content=\"Dur\u00e9e de lecture estim\u00e9e\" \/>\n\t<meta name=\"twitter:data1\" content=\"1 minute\" \/>\n<script type=\"application\/ld+json\" class=\"yoast-schema-graph\">{\"@context\":\"https:\\\/\\\/schema.org\",\"@graph\":[{\"@type\":\"WebPage\",\"@id\":\"https:\\\/\\\/thekeyservices.es\\\/propiedades\\\/apartamento-estrella-amarilla-de-calpe\\\/\",\"url\":\"https:\\\/\\\/thekeyservices.es\\\/propiedades\\\/apartamento-estrella-amarilla-de-calpe\\\/\",\"name\":\"APARTAMENTO ESTRELLA AMARILLA DE CALPE - The Key Services\",\"isPartOf\":{\"@id\":\"https:\\\/\\\/thekeyservices.es\\\/#website\"},\"primaryImageOfPage\":{\"@id\":\"https:\\\/\\\/thekeyservices.es\\\/propiedades\\\/apartamento-estrella-amarilla-de-calpe\\\/#primaryimage\"},\"image\":{\"@id\":\"https:\\\/\\\/thekeyservices.es\\\/propiedades\\\/apartamento-estrella-amarilla-de-calpe\\\/#primaryimage\"},\"thumbnailUrl\":\"https:\\\/\\\/thekeyservices.es\\\/wp-content\\\/uploads\\\/2024\\\/03\\\/WhatsApp-Image-2024-10-02-at-18.17.18-8.jpeg\",\"datePublished\":\"2024-03-08T09:13:50+00:00\",\"dateModified\":\"2024-10-02T16:19:23+00:00\",\"breadcrumb\":{\"@id\":\"https:\\\/\\\/thekeyservices.es\\\/propiedades\\\/apartamento-estrella-amarilla-de-calpe\\\/#breadcrumb\"},\"inLanguage\":\"fr-FR\",\"potentialAction\":[{\"@type\":\"ReadAction\",\"target\":[\"https:\\\/\\\/thekeyservices.es\\\/propiedades\\\/apartamento-estrella-amarilla-de-calpe\\\/\"]}]},{\"@type\":\"ImageObject\",\"inLanguage\":\"fr-FR\",\"@id\":\"https:\\\/\\\/thekeyservices.es\\\/propiedades\\\/apartamento-estrella-amarilla-de-calpe\\\/#primaryimage\",\"url\":\"https:\\\/\\\/thekeyservices.es\\\/wp-content\\\/uploads\\\/2024\\\/03\\\/WhatsApp-Image-2024-10-02-at-18.17.18-8.jpeg\",\"contentUrl\":\"https:\\\/\\\/thekeyservices.es\\\/wp-content\\\/uploads\\\/2024\\\/03\\\/WhatsApp-Image-2024-10-02-at-18.17.18-8.jpeg\",\"width\":1600,\"height\":1066},{\"@type\":\"BreadcrumbList\",\"@id\":\"https:\\\/\\\/thekeyservices.es\\\/propiedades\\\/apartamento-estrella-amarilla-de-calpe\\\/#breadcrumb\",\"itemListElement\":[{\"@type\":\"ListItem\",\"position\":1,\"name\":\"Portada\",\"item\":\"https:\\\/\\\/thekeyservices.es\\\/\"},{\"@type\":\"ListItem\",\"position\":2,\"name\":\"Propiedades\",\"item\":\"https:\\\/\\\/thekeyservices.es\\\/propiedades\\\/\"},{\"@type\":\"ListItem\",\"position\":3,\"name\":\"APARTAMENTO ESTRELLA AMARILLA DE CALPE\"}]},{\"@type\":\"WebSite\",\"@id\":\"https:\\\/\\\/thekeyservices.es\\\/#website\",\"url\":\"https:\\\/\\\/thekeyservices.es\\\/\",\"name\":\"The Key Services\",\"description\":\"Alquiler Vacacional en Calpe y Alrededores\",\"publisher\":{\"@id\":\"https:\\\/\\\/thekeyservices.es\\\/#organization\"},\"potentialAction\":[{\"@type\":\"SearchAction\",\"target\":{\"@type\":\"EntryPoint\",\"urlTemplate\":\"https:\\\/\\\/thekeyservices.es\\\/?s={search_term_string}\"},\"query-input\":{\"@type\":\"PropertyValueSpecification\",\"valueRequired\":true,\"valueName\":\"search_term_string\"}}],\"inLanguage\":\"fr-FR\"},{\"@type\":\"Organization\",\"@id\":\"https:\\\/\\\/thekeyservices.es\\\/#organization\",\"name\":\"The Key Services\",\"url\":\"https:\\\/\\\/thekeyservices.es\\\/\",\"logo\":{\"@type\":\"ImageObject\",\"inLanguage\":\"fr-FR\",\"@id\":\"https:\\\/\\\/thekeyservices.es\\\/#\\\/schema\\\/logo\\\/image\\\/\",\"url\":\"https:\\\/\\\/thekeyservices.es\\\/wp-content\\\/uploads\\\/2023\\\/11\\\/the-key-logo-calpe.png\",\"contentUrl\":\"https:\\\/\\\/thekeyservices.es\\\/wp-content\\\/uploads\\\/2023\\\/11\\\/the-key-logo-calpe.png\",\"width\":600,\"height\":300,\"caption\":\"The Key Services\"},\"image\":{\"@id\":\"https:\\\/\\\/thekeyservices.es\\\/#\\\/schema\\\/logo\\\/image\\\/\"},\"sameAs\":[\"https:\\\/\\\/www.facebook.com\\\/thekeyservices\\\/?locale=hi_IN\",\"https:\\\/\\\/www.instagram.com\\\/thekeyservices\\\/?hl=es\"]}]}<\/script>\n<!-- \/ Yoast SEO Premium plugin. -->","yoast_head_json":{"title":"APARTAMENTO ESTRELLA AMARILLA DE CALPE - The Key Services","robots":{"index":"index","follow":"follow","max-snippet":"max-snippet:-1","max-image-preview":"max-image-preview:large","max-video-preview":"max-video-preview:-1"},"canonical":"https:\/\/thekeyservices.es\/fr\/propiedades\/apartamento-estrella-amarilla-de-calpe\/","og_locale":"fr_FR","og_type":"article","og_title":"APARTAMENTO ESTRELLA AMARILLA DE CALPE","og_description":"Divi\u00e9rtete con toda la familia en este alojamiento con estilo. Residencial tranquilo cerca de todos los servicios y con un ambiente familiar muy agradable. El apartamento se compone de dos plantas, donde disfrutar\u00e1s con tu familia y crear\u00e1s recuerdos inolvidables. El apartamento tiene una habitaci\u00f3n con cama de matrimonio y ba\u00f1o en suite y otra [&hellip;]","og_url":"https:\/\/thekeyservices.es\/fr\/propiedades\/apartamento-estrella-amarilla-de-calpe\/","og_site_name":"The Key Services","article_publisher":"https:\/\/www.facebook.com\/thekeyservices\/?locale=hi_IN","article_modified_time":"2024-10-02T16:19:23+00:00","og_image":[{"width":1600,"height":1066,"url":"https:\/\/thekeyservices.es\/wp-content\/uploads\/2024\/03\/WhatsApp-Image-2024-10-02-at-18.17.18-8.jpeg","type":"image\/jpeg"}],"twitter_card":"summary_large_image","twitter_misc":{"Dur\u00e9e de lecture estim\u00e9e":"1 minute"},"schema":{"@context":"https:\/\/schema.org","@graph":[{"@type":"WebPage","@id":"https:\/\/thekeyservices.es\/propiedades\/apartamento-estrella-amarilla-de-calpe\/","url":"https:\/\/thekeyservices.es\/propiedades\/apartamento-estrella-amarilla-de-calpe\/","name":"APARTAMENTO ESTRELLA AMARILLA DE CALPE - The Key Services","isPartOf":{"@id":"https:\/\/thekeyservices.es\/#website"},"primaryImageOfPage":{"@id":"https:\/\/thekeyservices.es\/propiedades\/apartamento-estrella-amarilla-de-calpe\/#primaryimage"},"image":{"@id":"https:\/\/thekeyservices.es\/propiedades\/apartamento-estrella-amarilla-de-calpe\/#primaryimage"},"thumbnailUrl":"https:\/\/thekeyservices.es\/wp-content\/uploads\/2024\/03\/WhatsApp-Image-2024-10-02-at-18.17.18-8.jpeg","datePublished":"2024-03-08T09:13:50+00:00","dateModified":"2024-10-02T16:19:23+00:00","breadcrumb":{"@id":"https:\/\/thekeyservices.es\/propiedades\/apartamento-estrella-amarilla-de-calpe\/#breadcrumb"},"inLanguage":"fr-FR","potentialAction":[{"@type":"ReadAction","target":["https:\/\/thekeyservices.es\/propiedades\/apartamento-estrella-amarilla-de-calpe\/"]}]},{"@type":"ImageObject","inLanguage":"fr-FR","@id":"https:\/\/thekeyservices.es\/propiedades\/apartamento-estrella-amarilla-de-calpe\/#primaryimage","url":"https:\/\/thekeyservices.es\/wp-content\/uploads\/2024\/03\/WhatsApp-Image-2024-10-02-at-18.17.18-8.jpeg","contentUrl":"https:\/\/thekeyservices.es\/wp-content\/uploads\/2024\/03\/WhatsApp-Image-2024-10-02-at-18.17.18-8.jpeg","width":1600,"height":1066},{"@type":"BreadcrumbList","@id":"https:\/\/thekeyservices.es\/propiedades\/apartamento-estrella-amarilla-de-calpe\/#breadcrumb","itemListElement":[{"@type":"ListItem","position":1,"name":"Portada","item":"https:\/\/thekeyservices.es\/"},{"@type":"ListItem","position":2,"name":"Propiedades","item":"https:\/\/thekeyservices.es\/propiedades\/"},{"@type":"ListItem","position":3,"name":"APARTAMENTO ESTRELLA AMARILLA DE CALPE"}]},{"@type":"WebSite","@id":"https:\/\/thekeyservices.es\/#website","url":"https:\/\/thekeyservices.es\/","name":"Les services cl\u00e9s","description":"Locations de vacances \u00e0 Calpe et dans les environs","publisher":{"@id":"https:\/\/thekeyservices.es\/#organization"},"potentialAction":[{"@type":"SearchAction","target":{"@type":"EntryPoint","urlTemplate":"https:\/\/thekeyservices.es\/?s={search_term_string}"},"query-input":{"@type":"PropertyValueSpecification","valueRequired":true,"valueName":"search_term_string"}}],"inLanguage":"fr-FR"},{"@type":"Organization","@id":"https:\/\/thekeyservices.es\/#organization","name":"Les services cl\u00e9s","url":"https:\/\/thekeyservices.es\/","logo":{"@type":"ImageObject","inLanguage":"fr-FR","@id":"https:\/\/thekeyservices.es\/#\/schema\/logo\/image\/","url":"https:\/\/thekeyservices.es\/wp-content\/uploads\/2023\/11\/the-key-logo-calpe.png","contentUrl":"https:\/\/thekeyservices.es\/wp-content\/uploads\/2023\/11\/the-key-logo-calpe.png","width":600,"height":300,"caption":"The Key Services"},"image":{"@id":"https:\/\/thekeyservices.es\/#\/schema\/logo\/image\/"},"sameAs":["https:\/\/www.facebook.com\/thekeyservices\/?locale=hi_IN","https:\/\/www.instagram.com\/thekeyservices\/?hl=es"]}]}},"_links":{"self":[{"href":"https:\/\/thekeyservices.es\/fr\/wp-json\/wp\/v2\/propiedades\/1337","targetHints":{"allow":["GET"]}}],"collection":[{"href":"https:\/\/thekeyservices.es\/fr\/wp-json\/wp\/v2\/propiedades"}],"about":[{"href":"https:\/\/thekeyservices.es\/fr\/wp-json\/wp\/v2\/types\/propiedades"}],"wp:featuredmedia":[{"embeddable":true,"href":"https:\/\/thekeyservices.es\/fr\/wp-json\/wp\/v2\/media\/1610"}],"wp:attachment":[{"href":"https:\/\/thekeyservices.es\/fr\/wp-json\/wp\/v2\/media?parent=1337"}],"wp:term":[{"taxonomy":"venta-o-alquiler","embeddable":true,"href":"https:\/\/thekeyservices.es\/fr\/wp-json\/wp\/v2\/venta-o-alquiler?post=1337"},{"taxonomy":"categoria-de-propiedad","embeddable":true,"href":"https:\/\/thekeyservices.es\/fr\/wp-json\/wp\/v2\/categoria-de-propiedad?post=1337"}],"curies":[{"name":"wp","href":"https:\/\/api.w.org\/{rel}","templated":true}]}}

APPARTEMENT ÉTOILE JAUNE À CALPE

<p>Amusez-vous avec toute la famille dans cet hébergement élégant.</p>
<p>Résidentiel tranquille à proximité de tous les services et avec une ambiance familiale très agréable.</p>
<p>L&#039;appartement est composé de deux étages, où vous pourrez profiter en famille et créer des souvenirs inoubliables.</p>
<p>L&#039;appartement comprend une chambre avec un lit double et une salle de bains privative et une autre chambre avec deux lits simples et une deuxième salle de bains.</p>
<p>La cuisine est entièrement équipée et dispose d&#039;un petit placard extérieur où vous trouverez le lave-linge.</p>
<p>Le salon a accès à un balcon avec vue sur le Peñón de Ifach et la piscine communautaire. Vous trouverez également une sortie avec des escaliers menant au toit où vous aurez à votre disposition un espace pour vous détendre, profiter et faire un barbecue.</p>
<p>Sans aucun doute, cet espace extérieur avec une vue agréable sur la mer et les montagnes de Calpe vous fera profiter d&#039;incroyables couchers de soleil.</p>
<p><strong>CARACTÉRISTIQUES:</strong></p>
<ul>
<li>2 chambres</li>
<li>2 salles de bains</li>
<li>Système divisé</li>
<li>Air conditionné</li>
<li>2 piscines communautaires</li>
<li>Balcon terrasse</li>
<li>aire de stationnement</li>
</ul>

<!-- This site is optimized with the Yoast SEO Premium plugin v22.7 (Yoast SEO v27.4) - https://yoast.com/product/yoast-seo-premium-wordpress/ -->
<title>APARTAMENTO ESTRELLA AMARILLA DE CALPE - The Key Services</title>
<meta name="robots" content="index, follow, max-snippet:-1, max-image-preview:large, max-video-preview:-1" />
<link rel="canonical" href="https://thekeyservices.es/fr/propiedades/apartamento-estrella-amarilla-de-calpe/" />
<meta property="og:locale" content="fr_FR" />
<meta property="og:type" content="article" />
<meta property="og:title" content="APARTAMENTO ESTRELLA AMARILLA DE CALPE" />
<meta property="og:description" content="Diviértete con toda la familia en este alojamiento con estilo. Residencial tranquilo cerca de todos los servicios y con un ambiente familiar muy agradable. El apartamento se compone de dos plantas, donde disfrutarás con tu familia y crearás recuerdos inolvidables. El apartamento tiene una habitación con cama de matrimonio y baño en suite y otra [&hellip;]" />
<meta property="og:url" content="https://thekeyservices.es/fr/propiedades/apartamento-estrella-amarilla-de-calpe/" />
<meta property="og:site_name" content="The Key Services" />
<meta property="article:publisher" content="https://www.facebook.com/thekeyservices/?locale=hi_IN" />
<meta property="article:modified_time" content="2024-10-02T16:19:23+00:00" />
<meta property="og:image" content="https://thekeyservices.es/wp-content/uploads/2024/03/WhatsApp-Image-2024-10-02-at-18.17.18-8.jpeg" />
	<meta property="og:image:width" content="1600" />
	<meta property="og:image:height" content="1066" />
	<meta property="og:image:type" content="image/jpeg" />
<meta name="twitter:card" content="summary_large_image" />
<meta name="twitter:label1" content="Durée de lecture estimée" />
	<meta name="twitter:data1" content="1 minute" />
<script type="application/ld+json" class="yoast-schema-graph">{"@context":"https:\/\/schema.org","@graph":[{"@type":"WebPage","@id":"https:\/\/thekeyservices.es\/propiedades\/apartamento-estrella-amarilla-de-calpe\/","url":"https:\/\/thekeyservices.es\/propiedades\/apartamento-estrella-amarilla-de-calpe\/","name":"APARTAMENTO ESTRELLA AMARILLA DE CALPE - The Key Services","isPartOf":{"@id":"https:\/\/thekeyservices.es\/#website"},"primaryImageOfPage":{"@id":"https:\/\/thekeyservices.es\/propiedades\/apartamento-estrella-amarilla-de-calpe\/#primaryimage"},"image":{"@id":"https:\/\/thekeyservices.es\/propiedades\/apartamento-estrella-amarilla-de-calpe\/#primaryimage"},"thumbnailUrl":"https:\/\/thekeyservices.es\/wp-content\/uploads\/2024\/03\/WhatsApp-Image-2024-10-02-at-18.17.18-8.jpeg","datePublished":"2024-03-08T09:13:50+00:00","dateModified":"2024-10-02T16:19:23+00:00","breadcrumb":{"@id":"https:\/\/thekeyservices.es\/propiedades\/apartamento-estrella-amarilla-de-calpe\/#breadcrumb"},"inLanguage":"fr-FR","potentialAction":[{"@type":"ReadAction","target":["https:\/\/thekeyservices.es\/propiedades\/apartamento-estrella-amarilla-de-calpe\/"]}]},{"@type":"ImageObject","inLanguage":"fr-FR","@id":"https:\/\/thekeyservices.es\/propiedades\/apartamento-estrella-amarilla-de-calpe\/#primaryimage","url":"https:\/\/thekeyservices.es\/wp-content\/uploads\/2024\/03\/WhatsApp-Image-2024-10-02-at-18.17.18-8.jpeg","contentUrl":"https:\/\/thekeyservices.es\/wp-content\/uploads\/2024\/03\/WhatsApp-Image-2024-10-02-at-18.17.18-8.jpeg","width":1600,"height":1066},{"@type":"BreadcrumbList","@id":"https:\/\/thekeyservices.es\/propiedades\/apartamento-estrella-amarilla-de-calpe\/#breadcrumb","itemListElement":[{"@type":"ListItem","position":1,"name":"Portada","item":"https:\/\/thekeyservices.es\/"},{"@type":"ListItem","position":2,"name":"Propiedades","item":"https:\/\/thekeyservices.es\/propiedades\/"},{"@type":"ListItem","position":3,"name":"APARTAMENTO ESTRELLA AMARILLA DE CALPE"}]},{"@type":"WebSite","@id":"https:\/\/thekeyservices.es\/#website","url":"https:\/\/thekeyservices.es\/","name":"The Key Services","description":"Alquiler Vacacional en Calpe y Alrededores","publisher":{"@id":"https:\/\/thekeyservices.es\/#organization"},"potentialAction":[{"@type":"SearchAction","target":{"@type":"EntryPoint","urlTemplate":"https:\/\/thekeyservices.es\/?s={search_term_string}"},"query-input":{"@type":"PropertyValueSpecification","valueRequired":true,"valueName":"search_term_string"}}],"inLanguage":"fr-FR"},{"@type":"Organization","@id":"https:\/\/thekeyservices.es\/#organization","name":"The Key Services","url":"https:\/\/thekeyservices.es\/","logo":{"@type":"ImageObject","inLanguage":"fr-FR","@id":"https:\/\/thekeyservices.es\/#\/schema\/logo\/image\/","url":"https:\/\/thekeyservices.es\/wp-content\/uploads\/2023\/11\/the-key-logo-calpe.png","contentUrl":"https:\/\/thekeyservices.es\/wp-content\/uploads\/2023\/11\/the-key-logo-calpe.png","width":600,"height":300,"caption":"The Key Services"},"image":{"@id":"https:\/\/thekeyservices.es\/#\/schema\/logo\/image\/"},"sameAs":["https:\/\/www.facebook.com\/thekeyservices\/?locale=hi_IN","https:\/\/www.instagram.com\/thekeyservices\/?hl=es"]}]}</script>
<!-- / Yoast SEO Premium plugin. -->

Diviértete con toda la familia en este alojamiento con estilo. Residencial tranquilo cerca de todos los servicios y con un ambiente familiar muy agradable. El apartamento se compone de dos plantas, donde disfrutarás con tu familia y crearás recuerdos inolvidables. El apartamento tiene una habitación con cama de matrimonio y baño en suite y otra [&hellip;]

Les services clés

Locations de vacances à Calpe et dans les environs
