{"id":1359,"date":"2024-04-10T07:34:41","date_gmt":"2024-04-10T07:34:41","guid":{"rendered":"https:\/\/thekeyservices.es\/?post_type=propiedades&#038;p=1359"},"modified":"2024-04-10T07:48:16","modified_gmt":"2024-04-10T07:48:16","slug":"villa-alquila","status":"publish","type":"propiedades","link":"https:\/\/thekeyservices.es\/fr\/propiedades\/villa-alquila\/","title":{"rendered":"VILLA AQUILA"},"content":{"rendered":"<p>Ce logement \u00e0 la d\u00e9coration soign\u00e9e et entour\u00e9 de verdure vous attend pour de merveilleuses vacances !<\/p>\n<p>&nbsp;<\/p>\n<p>La Villa Aquila se compose de 2 \u00e9tages qui forment un chalet complet pour recevoir une grande famille.<br \/>\nIls ont une capacit\u00e9 de 10 personnes, r\u00e9parties dans quatre chambres, deux salles de bains, une cuisine-salle \u00e0 manger, une grande terrasse et de grands jardins.<\/p>\n<p>Le terrain se compose d&#039;un grand espace avec piscine et barbecue, de plusieurs espaces ext\u00e9rieurs, d&#039;un parking, de chambres climatis\u00e9es et d&#039;une terrasse.<\/p>\n<p>La Villa Aquila est un espace unique r\u00e9nov\u00e9 d&#039;ancienne construction pour se d\u00e9tendre et se d\u00e9connecter de la vie quotidienne.<\/p>\n<p><strong>CARACT\u00c9RISTIQUES:<\/strong><\/p>\n<ul>\n<li>4 chambres<\/li>\n<li>2 salles de bains<\/li>\n<li>Syst\u00e8me divis\u00e9<\/li>\n<li>Piscine<\/li>\n<li>Terrasse<\/li>\n<li>aire de stationnement<\/li>\n<li>Espace ext\u00e9rieur<\/li>\n<\/ul>","protected":false},"featured_media":1368,"template":"","venta-o-alquiler":[13],"categoria-de-propiedad":[5],"class_list":["post-1359","propiedades","type-propiedades","status-publish","has-post-thumbnail","hentry","venta-o-alquiler-alquiler","categoria-de-propiedad-villas"],"yoast_head":"<!-- This site is optimized with the Yoast SEO Premium plugin v22.7 (Yoast SEO v27.4) - https:\/\/yoast.com\/product\/yoast-seo-premium-wordpress\/ -->\n<title>VILLA AQUILA - The Key Services<\/title>\n<meta name=\"robots\" content=\"index, follow, max-snippet:-1, max-image-preview:large, max-video-preview:-1\" \/>\n<link rel=\"canonical\" href=\"https:\/\/thekeyservices.es\/fr\/propiedades\/villa-alquila\/\" \/>\n<meta property=\"og:locale\" content=\"fr_FR\" \/>\n<meta property=\"og:type\" content=\"article\" \/>\n<meta property=\"og:title\" content=\"VILLA AQUILA\" \/>\n<meta property=\"og:description\" content=\"Este alojamiento decorado con mucho estilo y rodeado de vegetaci\u00f3n te espera para unas maravillosas vacaciones! &nbsp; Villa Aquila consta de 2 plantas las cuales forman un chalet completo para recibir a una gran familia. Tienen capacidad para 10 personas, distribuidas en cuatro habitaciones, dos ba\u00f1os, cocina-comedor, una amplia terraza y amplios jardines. La parcela [&hellip;]\" \/>\n<meta property=\"og:url\" content=\"https:\/\/thekeyservices.es\/fr\/propiedades\/villa-alquila\/\" \/>\n<meta property=\"og:site_name\" content=\"The Key Services\" \/>\n<meta property=\"article:publisher\" content=\"https:\/\/www.facebook.com\/thekeyservices\/?locale=hi_IN\" \/>\n<meta property=\"article:modified_time\" content=\"2024-04-10T07:48:16+00:00\" \/>\n<meta property=\"og:image\" content=\"https:\/\/thekeyservices.es\/wp-content\/uploads\/2024\/04\/ElAquila-38-min-scaled.jpg\" \/>\n\t<meta property=\"og:image:width\" content=\"1920\" \/>\n\t<meta property=\"og:image:height\" content=\"2560\" \/>\n\t<meta property=\"og:image:type\" content=\"image\/jpeg\" \/>\n<meta name=\"twitter:card\" content=\"summary_large_image\" \/>\n<meta name=\"twitter:label1\" content=\"Dur\u00e9e de lecture estim\u00e9e\" \/>\n\t<meta name=\"twitter:data1\" content=\"1 minute\" \/>\n<script type=\"application\/ld+json\" class=\"yoast-schema-graph\">{\"@context\":\"https:\\\/\\\/schema.org\",\"@graph\":[{\"@type\":\"WebPage\",\"@id\":\"https:\\\/\\\/thekeyservices.es\\\/propiedades\\\/villa-alquila\\\/\",\"url\":\"https:\\\/\\\/thekeyservices.es\\\/propiedades\\\/villa-alquila\\\/\",\"name\":\"VILLA AQUILA - The Key Services\",\"isPartOf\":{\"@id\":\"https:\\\/\\\/thekeyservices.es\\\/#website\"},\"primaryImageOfPage\":{\"@id\":\"https:\\\/\\\/thekeyservices.es\\\/propiedades\\\/villa-alquila\\\/#primaryimage\"},\"image\":{\"@id\":\"https:\\\/\\\/thekeyservices.es\\\/propiedades\\\/villa-alquila\\\/#primaryimage\"},\"thumbnailUrl\":\"https:\\\/\\\/thekeyservices.es\\\/wp-content\\\/uploads\\\/2024\\\/04\\\/ElAquila-38-min-scaled.jpg\",\"datePublished\":\"2024-04-10T07:34:41+00:00\",\"dateModified\":\"2024-04-10T07:48:16+00:00\",\"breadcrumb\":{\"@id\":\"https:\\\/\\\/thekeyservices.es\\\/propiedades\\\/villa-alquila\\\/#breadcrumb\"},\"inLanguage\":\"fr-FR\",\"potentialAction\":[{\"@type\":\"ReadAction\",\"target\":[\"https:\\\/\\\/thekeyservices.es\\\/propiedades\\\/villa-alquila\\\/\"]}]},{\"@type\":\"ImageObject\",\"inLanguage\":\"fr-FR\",\"@id\":\"https:\\\/\\\/thekeyservices.es\\\/propiedades\\\/villa-alquila\\\/#primaryimage\",\"url\":\"https:\\\/\\\/thekeyservices.es\\\/wp-content\\\/uploads\\\/2024\\\/04\\\/ElAquila-38-min-scaled.jpg\",\"contentUrl\":\"https:\\\/\\\/thekeyservices.es\\\/wp-content\\\/uploads\\\/2024\\\/04\\\/ElAquila-38-min-scaled.jpg\",\"width\":1920,\"height\":2560},{\"@type\":\"BreadcrumbList\",\"@id\":\"https:\\\/\\\/thekeyservices.es\\\/propiedades\\\/villa-alquila\\\/#breadcrumb\",\"itemListElement\":[{\"@type\":\"ListItem\",\"position\":1,\"name\":\"Portada\",\"item\":\"https:\\\/\\\/thekeyservices.es\\\/\"},{\"@type\":\"ListItem\",\"position\":2,\"name\":\"Propiedades\",\"item\":\"https:\\\/\\\/thekeyservices.es\\\/propiedades\\\/\"},{\"@type\":\"ListItem\",\"position\":3,\"name\":\"VILLA AQUILA\"}]},{\"@type\":\"WebSite\",\"@id\":\"https:\\\/\\\/thekeyservices.es\\\/#website\",\"url\":\"https:\\\/\\\/thekeyservices.es\\\/\",\"name\":\"The Key Services\",\"description\":\"Alquiler Vacacional en Calpe y Alrededores\",\"publisher\":{\"@id\":\"https:\\\/\\\/thekeyservices.es\\\/#organization\"},\"potentialAction\":[{\"@type\":\"SearchAction\",\"target\":{\"@type\":\"EntryPoint\",\"urlTemplate\":\"https:\\\/\\\/thekeyservices.es\\\/?s={search_term_string}\"},\"query-input\":{\"@type\":\"PropertyValueSpecification\",\"valueRequired\":true,\"valueName\":\"search_term_string\"}}],\"inLanguage\":\"fr-FR\"},{\"@type\":\"Organization\",\"@id\":\"https:\\\/\\\/thekeyservices.es\\\/#organization\",\"name\":\"The Key Services\",\"url\":\"https:\\\/\\\/thekeyservices.es\\\/\",\"logo\":{\"@type\":\"ImageObject\",\"inLanguage\":\"fr-FR\",\"@id\":\"https:\\\/\\\/thekeyservices.es\\\/#\\\/schema\\\/logo\\\/image\\\/\",\"url\":\"https:\\\/\\\/thekeyservices.es\\\/wp-content\\\/uploads\\\/2023\\\/11\\\/the-key-logo-calpe.png\",\"contentUrl\":\"https:\\\/\\\/thekeyservices.es\\\/wp-content\\\/uploads\\\/2023\\\/11\\\/the-key-logo-calpe.png\",\"width\":600,\"height\":300,\"caption\":\"The Key Services\"},\"image\":{\"@id\":\"https:\\\/\\\/thekeyservices.es\\\/#\\\/schema\\\/logo\\\/image\\\/\"},\"sameAs\":[\"https:\\\/\\\/www.facebook.com\\\/thekeyservices\\\/?locale=hi_IN\",\"https:\\\/\\\/www.instagram.com\\\/thekeyservices\\\/?hl=es\"]}]}<\/script>\n<!-- \/ Yoast SEO Premium plugin. -->","yoast_head_json":{"title":"VILLA AQUILA - The Key Services","robots":{"index":"index","follow":"follow","max-snippet":"max-snippet:-1","max-image-preview":"max-image-preview:large","max-video-preview":"max-video-preview:-1"},"canonical":"https:\/\/thekeyservices.es\/fr\/propiedades\/villa-alquila\/","og_locale":"fr_FR","og_type":"article","og_title":"VILLA AQUILA","og_description":"Este alojamiento decorado con mucho estilo y rodeado de vegetaci\u00f3n te espera para unas maravillosas vacaciones! &nbsp; Villa Aquila consta de 2 plantas las cuales forman un chalet completo para recibir a una gran familia. Tienen capacidad para 10 personas, distribuidas en cuatro habitaciones, dos ba\u00f1os, cocina-comedor, una amplia terraza y amplios jardines. La parcela [&hellip;]","og_url":"https:\/\/thekeyservices.es\/fr\/propiedades\/villa-alquila\/","og_site_name":"The Key Services","article_publisher":"https:\/\/www.facebook.com\/thekeyservices\/?locale=hi_IN","article_modified_time":"2024-04-10T07:48:16+00:00","og_image":[{"width":1920,"height":2560,"url":"https:\/\/thekeyservices.es\/wp-content\/uploads\/2024\/04\/ElAquila-38-min-scaled.jpg","type":"image\/jpeg"}],"twitter_card":"summary_large_image","twitter_misc":{"Dur\u00e9e de lecture estim\u00e9e":"1 minute"},"schema":{"@context":"https:\/\/schema.org","@graph":[{"@type":"WebPage","@id":"https:\/\/thekeyservices.es\/propiedades\/villa-alquila\/","url":"https:\/\/thekeyservices.es\/propiedades\/villa-alquila\/","name":"VILLA AQUILA - The Key Services","isPartOf":{"@id":"https:\/\/thekeyservices.es\/#website"},"primaryImageOfPage":{"@id":"https:\/\/thekeyservices.es\/propiedades\/villa-alquila\/#primaryimage"},"image":{"@id":"https:\/\/thekeyservices.es\/propiedades\/villa-alquila\/#primaryimage"},"thumbnailUrl":"https:\/\/thekeyservices.es\/wp-content\/uploads\/2024\/04\/ElAquila-38-min-scaled.jpg","datePublished":"2024-04-10T07:34:41+00:00","dateModified":"2024-04-10T07:48:16+00:00","breadcrumb":{"@id":"https:\/\/thekeyservices.es\/propiedades\/villa-alquila\/#breadcrumb"},"inLanguage":"fr-FR","potentialAction":[{"@type":"ReadAction","target":["https:\/\/thekeyservices.es\/propiedades\/villa-alquila\/"]}]},{"@type":"ImageObject","inLanguage":"fr-FR","@id":"https:\/\/thekeyservices.es\/propiedades\/villa-alquila\/#primaryimage","url":"https:\/\/thekeyservices.es\/wp-content\/uploads\/2024\/04\/ElAquila-38-min-scaled.jpg","contentUrl":"https:\/\/thekeyservices.es\/wp-content\/uploads\/2024\/04\/ElAquila-38-min-scaled.jpg","width":1920,"height":2560},{"@type":"BreadcrumbList","@id":"https:\/\/thekeyservices.es\/propiedades\/villa-alquila\/#breadcrumb","itemListElement":[{"@type":"ListItem","position":1,"name":"Portada","item":"https:\/\/thekeyservices.es\/"},{"@type":"ListItem","position":2,"name":"Propiedades","item":"https:\/\/thekeyservices.es\/propiedades\/"},{"@type":"ListItem","position":3,"name":"VILLA AQUILA"}]},{"@type":"WebSite","@id":"https:\/\/thekeyservices.es\/#website","url":"https:\/\/thekeyservices.es\/","name":"Les services cl\u00e9s","description":"Locations de vacances \u00e0 Calpe et dans les environs","publisher":{"@id":"https:\/\/thekeyservices.es\/#organization"},"potentialAction":[{"@type":"SearchAction","target":{"@type":"EntryPoint","urlTemplate":"https:\/\/thekeyservices.es\/?s={search_term_string}"},"query-input":{"@type":"PropertyValueSpecification","valueRequired":true,"valueName":"search_term_string"}}],"inLanguage":"fr-FR"},{"@type":"Organization","@id":"https:\/\/thekeyservices.es\/#organization","name":"Les services cl\u00e9s","url":"https:\/\/thekeyservices.es\/","logo":{"@type":"ImageObject","inLanguage":"fr-FR","@id":"https:\/\/thekeyservices.es\/#\/schema\/logo\/image\/","url":"https:\/\/thekeyservices.es\/wp-content\/uploads\/2023\/11\/the-key-logo-calpe.png","contentUrl":"https:\/\/thekeyservices.es\/wp-content\/uploads\/2023\/11\/the-key-logo-calpe.png","width":600,"height":300,"caption":"The Key Services"},"image":{"@id":"https:\/\/thekeyservices.es\/#\/schema\/logo\/image\/"},"sameAs":["https:\/\/www.facebook.com\/thekeyservices\/?locale=hi_IN","https:\/\/www.instagram.com\/thekeyservices\/?hl=es"]}]}},"_links":{"self":[{"href":"https:\/\/thekeyservices.es\/fr\/wp-json\/wp\/v2\/propiedades\/1359","targetHints":{"allow":["GET"]}}],"collection":[{"href":"https:\/\/thekeyservices.es\/fr\/wp-json\/wp\/v2\/propiedades"}],"about":[{"href":"https:\/\/thekeyservices.es\/fr\/wp-json\/wp\/v2\/types\/propiedades"}],"wp:featuredmedia":[{"embeddable":true,"href":"https:\/\/thekeyservices.es\/fr\/wp-json\/wp\/v2\/media\/1368"}],"wp:attachment":[{"href":"https:\/\/thekeyservices.es\/fr\/wp-json\/wp\/v2\/media?parent=1359"}],"wp:term":[{"taxonomy":"venta-o-alquiler","embeddable":true,"href":"https:\/\/thekeyservices.es\/fr\/wp-json\/wp\/v2\/venta-o-alquiler?post=1359"},{"taxonomy":"categoria-de-propiedad","embeddable":true,"href":"https:\/\/thekeyservices.es\/fr\/wp-json\/wp\/v2\/categoria-de-propiedad?post=1359"}],"curies":[{"name":"wp","href":"https:\/\/api.w.org\/{rel}","templated":true}]}}

<p>Ce logement à la décoration soignée et entouré de verdure vous attend pour de merveilleuses vacances !</p>
<p>&nbsp;</p>
<p>La Villa Aquila se compose de 2 étages qui forment un chalet complet pour recevoir une grande famille.<br />
Ils ont une capacité de 10 personnes, réparties dans quatre chambres, deux salles de bains, une cuisine-salle à manger, une grande terrasse et de grands jardins.</p>
<p>Le terrain se compose d&#039;un grand espace avec piscine et barbecue, de plusieurs espaces extérieurs, d&#039;un parking, de chambres climatisées et d&#039;une terrasse.</p>
<p>La Villa Aquila est un espace unique rénové d&#039;ancienne construction pour se détendre et se déconnecter de la vie quotidienne.</p>
<p><strong>CARACTÉRISTIQUES:</strong></p>
<ul>
<li>4 chambres</li>
<li>2 salles de bains</li>
<li>Système divisé</li>
<li>Piscine</li>
<li>Terrasse</li>
<li>aire de stationnement</li>
<li>Espace extérieur</li>
</ul>

<!-- This site is optimized with the Yoast SEO Premium plugin v22.7 (Yoast SEO v27.4) - https://yoast.com/product/yoast-seo-premium-wordpress/ -->
<title>VILLA AQUILA - The Key Services</title>
<meta name="robots" content="index, follow, max-snippet:-1, max-image-preview:large, max-video-preview:-1" />
<link rel="canonical" href="https://thekeyservices.es/fr/propiedades/villa-alquila/" />
<meta property="og:locale" content="fr_FR" />
<meta property="og:type" content="article" />
<meta property="og:title" content="VILLA AQUILA" />
<meta property="og:description" content="Este alojamiento decorado con mucho estilo y rodeado de vegetación te espera para unas maravillosas vacaciones! &nbsp; Villa Aquila consta de 2 plantas las cuales forman un chalet completo para recibir a una gran familia. Tienen capacidad para 10 personas, distribuidas en cuatro habitaciones, dos baños, cocina-comedor, una amplia terraza y amplios jardines. La parcela [&hellip;]" />
<meta property="og:url" content="https://thekeyservices.es/fr/propiedades/villa-alquila/" />
<meta property="og:site_name" content="The Key Services" />
<meta property="article:publisher" content="https://www.facebook.com/thekeyservices/?locale=hi_IN" />
<meta property="article:modified_time" content="2024-04-10T07:48:16+00:00" />
<meta property="og:image" content="https://thekeyservices.es/wp-content/uploads/2024/04/ElAquila-38-min-scaled.jpg" />
	<meta property="og:image:width" content="1920" />
	<meta property="og:image:height" content="2560" />
	<meta property="og:image:type" content="image/jpeg" />
<meta name="twitter:card" content="summary_large_image" />
<meta name="twitter:label1" content="Durée de lecture estimée" />
	<meta name="twitter:data1" content="1 minute" />
<script type="application/ld+json" class="yoast-schema-graph">{"@context":"https:\/\/schema.org","@graph":[{"@type":"WebPage","@id":"https:\/\/thekeyservices.es\/propiedades\/villa-alquila\/","url":"https:\/\/thekeyservices.es\/propiedades\/villa-alquila\/","name":"VILLA AQUILA - The Key Services","isPartOf":{"@id":"https:\/\/thekeyservices.es\/#website"},"primaryImageOfPage":{"@id":"https:\/\/thekeyservices.es\/propiedades\/villa-alquila\/#primaryimage"},"image":{"@id":"https:\/\/thekeyservices.es\/propiedades\/villa-alquila\/#primaryimage"},"thumbnailUrl":"https:\/\/thekeyservices.es\/wp-content\/uploads\/2024\/04\/ElAquila-38-min-scaled.jpg","datePublished":"2024-04-10T07:34:41+00:00","dateModified":"2024-04-10T07:48:16+00:00","breadcrumb":{"@id":"https:\/\/thekeyservices.es\/propiedades\/villa-alquila\/#breadcrumb"},"inLanguage":"fr-FR","potentialAction":[{"@type":"ReadAction","target":["https:\/\/thekeyservices.es\/propiedades\/villa-alquila\/"]}]},{"@type":"ImageObject","inLanguage":"fr-FR","@id":"https:\/\/thekeyservices.es\/propiedades\/villa-alquila\/#primaryimage","url":"https:\/\/thekeyservices.es\/wp-content\/uploads\/2024\/04\/ElAquila-38-min-scaled.jpg","contentUrl":"https:\/\/thekeyservices.es\/wp-content\/uploads\/2024\/04\/ElAquila-38-min-scaled.jpg","width":1920,"height":2560},{"@type":"BreadcrumbList","@id":"https:\/\/thekeyservices.es\/propiedades\/villa-alquila\/#breadcrumb","itemListElement":[{"@type":"ListItem","position":1,"name":"Portada","item":"https:\/\/thekeyservices.es\/"},{"@type":"ListItem","position":2,"name":"Propiedades","item":"https:\/\/thekeyservices.es\/propiedades\/"},{"@type":"ListItem","position":3,"name":"VILLA AQUILA"}]},{"@type":"WebSite","@id":"https:\/\/thekeyservices.es\/#website","url":"https:\/\/thekeyservices.es\/","name":"The Key Services","description":"Alquiler Vacacional en Calpe y Alrededores","publisher":{"@id":"https:\/\/thekeyservices.es\/#organization"},"potentialAction":[{"@type":"SearchAction","target":{"@type":"EntryPoint","urlTemplate":"https:\/\/thekeyservices.es\/?s={search_term_string}"},"query-input":{"@type":"PropertyValueSpecification","valueRequired":true,"valueName":"search_term_string"}}],"inLanguage":"fr-FR"},{"@type":"Organization","@id":"https:\/\/thekeyservices.es\/#organization","name":"The Key Services","url":"https:\/\/thekeyservices.es\/","logo":{"@type":"ImageObject","inLanguage":"fr-FR","@id":"https:\/\/thekeyservices.es\/#\/schema\/logo\/image\/","url":"https:\/\/thekeyservices.es\/wp-content\/uploads\/2023\/11\/the-key-logo-calpe.png","contentUrl":"https:\/\/thekeyservices.es\/wp-content\/uploads\/2023\/11\/the-key-logo-calpe.png","width":600,"height":300,"caption":"The Key Services"},"image":{"@id":"https:\/\/thekeyservices.es\/#\/schema\/logo\/image\/"},"sameAs":["https:\/\/www.facebook.com\/thekeyservices\/?locale=hi_IN","https:\/\/www.instagram.com\/thekeyservices\/?hl=es"]}]}</script>
<!-- / Yoast SEO Premium plugin. -->

Este alojamiento decorado con mucho estilo y rodeado de vegetación te espera para unas maravillosas vacaciones! &nbsp; Villa Aquila consta de 2 plantas las cuales forman un chalet completo para recibir a una gran familia. Tienen capacidad para 10 personas, distribuidas en cuatro habitaciones, dos baños, cocina-comedor, una amplia terraza y amplios jardines. La parcela [&hellip;]

Les services clés

Locations de vacances à Calpe et dans les environs
