{"id":1578,"date":"2024-09-11T18:11:32","date_gmt":"2024-09-11T18:11:32","guid":{"rendered":"https:\/\/thekeyservices.es\/?post_type=propiedades&#038;p=1578"},"modified":"2026-04-03T15:43:50","modified_gmt":"2026-04-03T15:43:50","slug":"villa-cometa-alquiler","status":"publish","type":"propiedades","link":"https:\/\/thekeyservices.es\/fr\/propiedades\/villa-cometa-alquiler\/","title":{"rendered":"VILLA COMETA \u2013 VENDUE"},"content":{"rendered":"<p>Villa de 180 m2 avec vue sur la montagne divis\u00e9e en deux \u00e9tages s\u00e9par\u00e9s formant deux appartements.<\/p>\n<p>En entrant au premier \u00e9tage, nous trouvons un hall qui sert d&#039;union entre la zone nuit et la zone jour. La partie nuit comprend 2 grandes chambres avec deux salles de bain compl\u00e8tes et dans la partie jour on retrouve une salle \u00e0 manger, une cuisine semi-ouverte et un grand salon. Toutes les pi\u00e8ces de la maison sauf les deux salles de bains ouvrent sur une grande terrasse principale. Un espace parfait pour prendre le petit d\u00e9jeuner et profiter de tous les avantages du beau temps de Calpe.<\/p>\n<p>L&#039;\u00e9tage inf\u00e9rieur, auquel on acc\u00e8de par la piscine ou par une entr\u00e9e lat\u00e9rale, trouvera un salon-salle \u00e0 manger avec une cuisine int\u00e9gr\u00e9e, deux grandes chambres et une salle de bains. Cet appartement fait face \u00e0 l&#039;espace piscine dans son int\u00e9gralit\u00e9 et pourrait \u00eatre transform\u00e9 en appartement d&#039;amis ou en espace d&#039;\u00e9t\u00e9 et de jeux en changeant la fonction des pi\u00e8ces.<\/p>\n<p>L&#039;ext\u00e9rieur, qui dispose d&#039;une zone d&#039;acc\u00e8s et de stationnement des v\u00e9hicules, pr\u00e9sente toutes les zones de passage recouvertes de b\u00e9ton imprim\u00e9 sous forme de pav\u00e9s et des espaces verts tr\u00e8s bien d\u00e9limit\u00e9s, ce qui facilite l&#039;entretien et contribue \u00e0 maintenir un ext\u00e9rieur soign\u00e9 et propre. Dans la zone inf\u00e9rieure, nous d\u00e9couvrirons une grande piscine entour\u00e9e de gazon artificiel o\u00f9 se trouvent une chaise longue et un espace barbecue.<\/p>\n<p>Cette villa combine parfaitement la vie \u00e0 l&#039;int\u00e9rieur et \u00e0 l&#039;ext\u00e9rieur de la maison gr\u00e2ce \u00e0 sa grande terrasse sup\u00e9rieure qui relie la plupart des pi\u00e8ces et la zone inf\u00e9rieure qui offre un endroit merveilleux pour se d\u00e9tendre au bord de la piscine.<\/p>\n<p>&nbsp;<\/p>\n<p><strong>VENDU<\/strong><\/p>","protected":false},"featured_media":213,"template":"","venta-o-alquiler":[22],"categoria-de-propiedad":[5],"class_list":["post-1578","propiedades","type-propiedades","status-publish","has-post-thumbnail","hentry","venta-o-alquiler-venta","categoria-de-propiedad-villas"],"yoast_head":"<!-- This site is optimized with the Yoast SEO Premium plugin v22.7 (Yoast SEO v27.4) - https:\/\/yoast.com\/product\/yoast-seo-premium-wordpress\/ -->\n<title>VILLA COMETA - VENDIDA - The Key Services<\/title>\n<meta name=\"robots\" content=\"index, follow, max-snippet:-1, max-image-preview:large, max-video-preview:-1\" \/>\n<link rel=\"canonical\" href=\"https:\/\/thekeyservices.es\/fr\/propiedades\/villa-cometa-alquiler\/\" \/>\n<meta property=\"og:locale\" content=\"fr_FR\" \/>\n<meta property=\"og:type\" content=\"article\" \/>\n<meta property=\"og:title\" content=\"VILLA COMETA - VENDIDA\" \/>\n<meta property=\"og:description\" content=\"Villa de 180m2 con vistas a la monta\u00f1a dividida en dos plantas separadas entre s\u00ed que forman dos apartamentos. Cuando entramos en la primera planta encontramos un recibidor que sirve de uni\u00f3n entre la zona de noche y la zona de d\u00eda. La zona de noche cuenta con 2 amplias habitaciones con dos ba\u00f1os completos [&hellip;]\" \/>\n<meta property=\"og:url\" content=\"https:\/\/thekeyservices.es\/fr\/propiedades\/villa-cometa-alquiler\/\" \/>\n<meta property=\"og:site_name\" content=\"The Key Services\" \/>\n<meta property=\"article:publisher\" content=\"https:\/\/www.facebook.com\/thekeyservices\/?locale=hi_IN\" \/>\n<meta property=\"article:modified_time\" content=\"2026-04-03T15:43:50+00:00\" \/>\n<meta property=\"og:image\" content=\"https:\/\/thekeyservices.es\/wp-content\/uploads\/2023\/08\/Cometa-3.jpg\" \/>\n\t<meta property=\"og:image:width\" content=\"1000\" \/>\n\t<meta property=\"og:image:height\" content=\"1000\" \/>\n\t<meta property=\"og:image:type\" content=\"image\/jpeg\" \/>\n<meta name=\"twitter:card\" content=\"summary_large_image\" \/>\n<meta name=\"twitter:label1\" content=\"Dur\u00e9e de lecture estim\u00e9e\" \/>\n\t<meta name=\"twitter:data1\" content=\"2 minutes\" \/>\n<script type=\"application\/ld+json\" class=\"yoast-schema-graph\">{\"@context\":\"https:\\\/\\\/schema.org\",\"@graph\":[{\"@type\":\"WebPage\",\"@id\":\"https:\\\/\\\/thekeyservices.es\\\/propiedades\\\/villa-cometa-alquiler\\\/\",\"url\":\"https:\\\/\\\/thekeyservices.es\\\/propiedades\\\/villa-cometa-alquiler\\\/\",\"name\":\"VILLA COMETA - VENDIDA - The Key Services\",\"isPartOf\":{\"@id\":\"https:\\\/\\\/thekeyservices.es\\\/#website\"},\"primaryImageOfPage\":{\"@id\":\"https:\\\/\\\/thekeyservices.es\\\/propiedades\\\/villa-cometa-alquiler\\\/#primaryimage\"},\"image\":{\"@id\":\"https:\\\/\\\/thekeyservices.es\\\/propiedades\\\/villa-cometa-alquiler\\\/#primaryimage\"},\"thumbnailUrl\":\"https:\\\/\\\/thekeyservices.es\\\/wp-content\\\/uploads\\\/2023\\\/08\\\/Cometa-3.jpg\",\"datePublished\":\"2024-09-11T18:11:32+00:00\",\"dateModified\":\"2026-04-03T15:43:50+00:00\",\"breadcrumb\":{\"@id\":\"https:\\\/\\\/thekeyservices.es\\\/propiedades\\\/villa-cometa-alquiler\\\/#breadcrumb\"},\"inLanguage\":\"fr-FR\",\"potentialAction\":[{\"@type\":\"ReadAction\",\"target\":[\"https:\\\/\\\/thekeyservices.es\\\/propiedades\\\/villa-cometa-alquiler\\\/\"]}]},{\"@type\":\"ImageObject\",\"inLanguage\":\"fr-FR\",\"@id\":\"https:\\\/\\\/thekeyservices.es\\\/propiedades\\\/villa-cometa-alquiler\\\/#primaryimage\",\"url\":\"https:\\\/\\\/thekeyservices.es\\\/wp-content\\\/uploads\\\/2023\\\/08\\\/Cometa-3.jpg\",\"contentUrl\":\"https:\\\/\\\/thekeyservices.es\\\/wp-content\\\/uploads\\\/2023\\\/08\\\/Cometa-3.jpg\",\"width\":1000,\"height\":1000},{\"@type\":\"BreadcrumbList\",\"@id\":\"https:\\\/\\\/thekeyservices.es\\\/propiedades\\\/villa-cometa-alquiler\\\/#breadcrumb\",\"itemListElement\":[{\"@type\":\"ListItem\",\"position\":1,\"name\":\"Portada\",\"item\":\"https:\\\/\\\/thekeyservices.es\\\/\"},{\"@type\":\"ListItem\",\"position\":2,\"name\":\"Propiedades\",\"item\":\"https:\\\/\\\/thekeyservices.es\\\/propiedades\\\/\"},{\"@type\":\"ListItem\",\"position\":3,\"name\":\"VILLA COMETA &#8211; VENDIDA\"}]},{\"@type\":\"WebSite\",\"@id\":\"https:\\\/\\\/thekeyservices.es\\\/#website\",\"url\":\"https:\\\/\\\/thekeyservices.es\\\/\",\"name\":\"The Key Services\",\"description\":\"Alquiler Vacacional en Calpe y Alrededores\",\"publisher\":{\"@id\":\"https:\\\/\\\/thekeyservices.es\\\/#organization\"},\"potentialAction\":[{\"@type\":\"SearchAction\",\"target\":{\"@type\":\"EntryPoint\",\"urlTemplate\":\"https:\\\/\\\/thekeyservices.es\\\/?s={search_term_string}\"},\"query-input\":{\"@type\":\"PropertyValueSpecification\",\"valueRequired\":true,\"valueName\":\"search_term_string\"}}],\"inLanguage\":\"fr-FR\"},{\"@type\":\"Organization\",\"@id\":\"https:\\\/\\\/thekeyservices.es\\\/#organization\",\"name\":\"The Key Services\",\"url\":\"https:\\\/\\\/thekeyservices.es\\\/\",\"logo\":{\"@type\":\"ImageObject\",\"inLanguage\":\"fr-FR\",\"@id\":\"https:\\\/\\\/thekeyservices.es\\\/#\\\/schema\\\/logo\\\/image\\\/\",\"url\":\"https:\\\/\\\/thekeyservices.es\\\/wp-content\\\/uploads\\\/2023\\\/11\\\/the-key-logo-calpe.png\",\"contentUrl\":\"https:\\\/\\\/thekeyservices.es\\\/wp-content\\\/uploads\\\/2023\\\/11\\\/the-key-logo-calpe.png\",\"width\":600,\"height\":300,\"caption\":\"The Key Services\"},\"image\":{\"@id\":\"https:\\\/\\\/thekeyservices.es\\\/#\\\/schema\\\/logo\\\/image\\\/\"},\"sameAs\":[\"https:\\\/\\\/www.facebook.com\\\/thekeyservices\\\/?locale=hi_IN\",\"https:\\\/\\\/www.instagram.com\\\/thekeyservices\\\/?hl=es\"]}]}<\/script>\n<!-- \/ Yoast SEO Premium plugin. -->","yoast_head_json":{"title":"VILLA COMETA - VENDIDA - The Key Services","robots":{"index":"index","follow":"follow","max-snippet":"max-snippet:-1","max-image-preview":"max-image-preview:large","max-video-preview":"max-video-preview:-1"},"canonical":"https:\/\/thekeyservices.es\/fr\/propiedades\/villa-cometa-alquiler\/","og_locale":"fr_FR","og_type":"article","og_title":"VILLA COMETA - VENDIDA","og_description":"Villa de 180m2 con vistas a la monta\u00f1a dividida en dos plantas separadas entre s\u00ed que forman dos apartamentos. Cuando entramos en la primera planta encontramos un recibidor que sirve de uni\u00f3n entre la zona de noche y la zona de d\u00eda. La zona de noche cuenta con 2 amplias habitaciones con dos ba\u00f1os completos [&hellip;]","og_url":"https:\/\/thekeyservices.es\/fr\/propiedades\/villa-cometa-alquiler\/","og_site_name":"The Key Services","article_publisher":"https:\/\/www.facebook.com\/thekeyservices\/?locale=hi_IN","article_modified_time":"2026-04-03T15:43:50+00:00","og_image":[{"width":1000,"height":1000,"url":"https:\/\/thekeyservices.es\/wp-content\/uploads\/2023\/08\/Cometa-3.jpg","type":"image\/jpeg"}],"twitter_card":"summary_large_image","twitter_misc":{"Dur\u00e9e de lecture estim\u00e9e":"2 minutes"},"schema":{"@context":"https:\/\/schema.org","@graph":[{"@type":"WebPage","@id":"https:\/\/thekeyservices.es\/propiedades\/villa-cometa-alquiler\/","url":"https:\/\/thekeyservices.es\/propiedades\/villa-cometa-alquiler\/","name":"VILLA COMETA - VENDIDA - The Key Services","isPartOf":{"@id":"https:\/\/thekeyservices.es\/#website"},"primaryImageOfPage":{"@id":"https:\/\/thekeyservices.es\/propiedades\/villa-cometa-alquiler\/#primaryimage"},"image":{"@id":"https:\/\/thekeyservices.es\/propiedades\/villa-cometa-alquiler\/#primaryimage"},"thumbnailUrl":"https:\/\/thekeyservices.es\/wp-content\/uploads\/2023\/08\/Cometa-3.jpg","datePublished":"2024-09-11T18:11:32+00:00","dateModified":"2026-04-03T15:43:50+00:00","breadcrumb":{"@id":"https:\/\/thekeyservices.es\/propiedades\/villa-cometa-alquiler\/#breadcrumb"},"inLanguage":"fr-FR","potentialAction":[{"@type":"ReadAction","target":["https:\/\/thekeyservices.es\/propiedades\/villa-cometa-alquiler\/"]}]},{"@type":"ImageObject","inLanguage":"fr-FR","@id":"https:\/\/thekeyservices.es\/propiedades\/villa-cometa-alquiler\/#primaryimage","url":"https:\/\/thekeyservices.es\/wp-content\/uploads\/2023\/08\/Cometa-3.jpg","contentUrl":"https:\/\/thekeyservices.es\/wp-content\/uploads\/2023\/08\/Cometa-3.jpg","width":1000,"height":1000},{"@type":"BreadcrumbList","@id":"https:\/\/thekeyservices.es\/propiedades\/villa-cometa-alquiler\/#breadcrumb","itemListElement":[{"@type":"ListItem","position":1,"name":"Portada","item":"https:\/\/thekeyservices.es\/"},{"@type":"ListItem","position":2,"name":"Propiedades","item":"https:\/\/thekeyservices.es\/propiedades\/"},{"@type":"ListItem","position":3,"name":"VILLA COMETA &#8211; VENDIDA"}]},{"@type":"WebSite","@id":"https:\/\/thekeyservices.es\/#website","url":"https:\/\/thekeyservices.es\/","name":"Les services cl\u00e9s","description":"Locations de vacances \u00e0 Calpe et dans les environs","publisher":{"@id":"https:\/\/thekeyservices.es\/#organization"},"potentialAction":[{"@type":"SearchAction","target":{"@type":"EntryPoint","urlTemplate":"https:\/\/thekeyservices.es\/?s={search_term_string}"},"query-input":{"@type":"PropertyValueSpecification","valueRequired":true,"valueName":"search_term_string"}}],"inLanguage":"fr-FR"},{"@type":"Organization","@id":"https:\/\/thekeyservices.es\/#organization","name":"Les services cl\u00e9s","url":"https:\/\/thekeyservices.es\/","logo":{"@type":"ImageObject","inLanguage":"fr-FR","@id":"https:\/\/thekeyservices.es\/#\/schema\/logo\/image\/","url":"https:\/\/thekeyservices.es\/wp-content\/uploads\/2023\/11\/the-key-logo-calpe.png","contentUrl":"https:\/\/thekeyservices.es\/wp-content\/uploads\/2023\/11\/the-key-logo-calpe.png","width":600,"height":300,"caption":"The Key Services"},"image":{"@id":"https:\/\/thekeyservices.es\/#\/schema\/logo\/image\/"},"sameAs":["https:\/\/www.facebook.com\/thekeyservices\/?locale=hi_IN","https:\/\/www.instagram.com\/thekeyservices\/?hl=es"]}]}},"_links":{"self":[{"href":"https:\/\/thekeyservices.es\/fr\/wp-json\/wp\/v2\/propiedades\/1578","targetHints":{"allow":["GET"]}}],"collection":[{"href":"https:\/\/thekeyservices.es\/fr\/wp-json\/wp\/v2\/propiedades"}],"about":[{"href":"https:\/\/thekeyservices.es\/fr\/wp-json\/wp\/v2\/types\/propiedades"}],"wp:featuredmedia":[{"embeddable":true,"href":"https:\/\/thekeyservices.es\/fr\/wp-json\/wp\/v2\/media\/213"}],"wp:attachment":[{"href":"https:\/\/thekeyservices.es\/fr\/wp-json\/wp\/v2\/media?parent=1578"}],"wp:term":[{"taxonomy":"venta-o-alquiler","embeddable":true,"href":"https:\/\/thekeyservices.es\/fr\/wp-json\/wp\/v2\/venta-o-alquiler?post=1578"},{"taxonomy":"categoria-de-propiedad","embeddable":true,"href":"https:\/\/thekeyservices.es\/fr\/wp-json\/wp\/v2\/categoria-de-propiedad?post=1578"}],"curies":[{"name":"wp","href":"https:\/\/api.w.org\/{rel}","templated":true}]}}

<p>Villa de 180 m2 avec vue sur la montagne divisée en deux étages séparés formant deux appartements.</p>
<p>En entrant au premier étage, nous trouvons un hall qui sert d&#039;union entre la zone nuit et la zone jour. La partie nuit comprend 2 grandes chambres avec deux salles de bain complètes et dans la partie jour on retrouve une salle à manger, une cuisine semi-ouverte et un grand salon. Toutes les pièces de la maison sauf les deux salles de bains ouvrent sur une grande terrasse principale. Un espace parfait pour prendre le petit déjeuner et profiter de tous les avantages du beau temps de Calpe.</p>
<p>L&#039;étage inférieur, auquel on accède par la piscine ou par une entrée latérale, trouvera un salon-salle à manger avec une cuisine intégrée, deux grandes chambres et une salle de bains. Cet appartement fait face à l&#039;espace piscine dans son intégralité et pourrait être transformé en appartement d&#039;amis ou en espace d&#039;été et de jeux en changeant la fonction des pièces.</p>
<p>L&#039;extérieur, qui dispose d&#039;une zone d&#039;accès et de stationnement des véhicules, présente toutes les zones de passage recouvertes de béton imprimé sous forme de pavés et des espaces verts très bien délimités, ce qui facilite l&#039;entretien et contribue à maintenir un extérieur soigné et propre. Dans la zone inférieure, nous découvrirons une grande piscine entourée de gazon artificiel où se trouvent une chaise longue et un espace barbecue.</p>
<p>Cette villa combine parfaitement la vie à l&#039;intérieur et à l&#039;extérieur de la maison grâce à sa grande terrasse supérieure qui relie la plupart des pièces et la zone inférieure qui offre un endroit merveilleux pour se détendre au bord de la piscine.</p>
<p>&nbsp;</p>
<p><strong>VENDU</strong></p>

<!-- This site is optimized with the Yoast SEO Premium plugin v22.7 (Yoast SEO v27.4) - https://yoast.com/product/yoast-seo-premium-wordpress/ -->
<title>VILLA COMETA - VENDIDA - The Key Services</title>
<meta name="robots" content="index, follow, max-snippet:-1, max-image-preview:large, max-video-preview:-1" />
<link rel="canonical" href="https://thekeyservices.es/fr/propiedades/villa-cometa-alquiler/" />
<meta property="og:locale" content="fr_FR" />
<meta property="og:type" content="article" />
<meta property="og:title" content="VILLA COMETA - VENDIDA" />
<meta property="og:description" content="Villa de 180m2 con vistas a la montaña dividida en dos plantas separadas entre sí que forman dos apartamentos. Cuando entramos en la primera planta encontramos un recibidor que sirve de unión entre la zona de noche y la zona de día. La zona de noche cuenta con 2 amplias habitaciones con dos baños completos [&hellip;]" />
<meta property="og:url" content="https://thekeyservices.es/fr/propiedades/villa-cometa-alquiler/" />
<meta property="og:site_name" content="The Key Services" />
<meta property="article:publisher" content="https://www.facebook.com/thekeyservices/?locale=hi_IN" />
<meta property="article:modified_time" content="2026-04-03T15:43:50+00:00" />
<meta property="og:image" content="https://thekeyservices.es/wp-content/uploads/2023/08/Cometa-3.jpg" />
	<meta property="og:image:width" content="1000" />
	<meta property="og:image:height" content="1000" />
	<meta property="og:image:type" content="image/jpeg" />
<meta name="twitter:card" content="summary_large_image" />
<meta name="twitter:label1" content="Durée de lecture estimée" />
	<meta name="twitter:data1" content="2 minutes" />
<script type="application/ld+json" class="yoast-schema-graph">{"@context":"https:\/\/schema.org","@graph":[{"@type":"WebPage","@id":"https:\/\/thekeyservices.es\/propiedades\/villa-cometa-alquiler\/","url":"https:\/\/thekeyservices.es\/propiedades\/villa-cometa-alquiler\/","name":"VILLA COMETA - VENDIDA - The Key Services","isPartOf":{"@id":"https:\/\/thekeyservices.es\/#website"},"primaryImageOfPage":{"@id":"https:\/\/thekeyservices.es\/propiedades\/villa-cometa-alquiler\/#primaryimage"},"image":{"@id":"https:\/\/thekeyservices.es\/propiedades\/villa-cometa-alquiler\/#primaryimage"},"thumbnailUrl":"https:\/\/thekeyservices.es\/wp-content\/uploads\/2023\/08\/Cometa-3.jpg","datePublished":"2024-09-11T18:11:32+00:00","dateModified":"2026-04-03T15:43:50+00:00","breadcrumb":{"@id":"https:\/\/thekeyservices.es\/propiedades\/villa-cometa-alquiler\/#breadcrumb"},"inLanguage":"fr-FR","potentialAction":[{"@type":"ReadAction","target":["https:\/\/thekeyservices.es\/propiedades\/villa-cometa-alquiler\/"]}]},{"@type":"ImageObject","inLanguage":"fr-FR","@id":"https:\/\/thekeyservices.es\/propiedades\/villa-cometa-alquiler\/#primaryimage","url":"https:\/\/thekeyservices.es\/wp-content\/uploads\/2023\/08\/Cometa-3.jpg","contentUrl":"https:\/\/thekeyservices.es\/wp-content\/uploads\/2023\/08\/Cometa-3.jpg","width":1000,"height":1000},{"@type":"BreadcrumbList","@id":"https:\/\/thekeyservices.es\/propiedades\/villa-cometa-alquiler\/#breadcrumb","itemListElement":[{"@type":"ListItem","position":1,"name":"Portada","item":"https:\/\/thekeyservices.es\/"},{"@type":"ListItem","position":2,"name":"Propiedades","item":"https:\/\/thekeyservices.es\/propiedades\/"},{"@type":"ListItem","position":3,"name":"VILLA COMETA &#8211; VENDIDA"}]},{"@type":"WebSite","@id":"https:\/\/thekeyservices.es\/#website","url":"https:\/\/thekeyservices.es\/","name":"The Key Services","description":"Alquiler Vacacional en Calpe y Alrededores","publisher":{"@id":"https:\/\/thekeyservices.es\/#organization"},"potentialAction":[{"@type":"SearchAction","target":{"@type":"EntryPoint","urlTemplate":"https:\/\/thekeyservices.es\/?s={search_term_string}"},"query-input":{"@type":"PropertyValueSpecification","valueRequired":true,"valueName":"search_term_string"}}],"inLanguage":"fr-FR"},{"@type":"Organization","@id":"https:\/\/thekeyservices.es\/#organization","name":"The Key Services","url":"https:\/\/thekeyservices.es\/","logo":{"@type":"ImageObject","inLanguage":"fr-FR","@id":"https:\/\/thekeyservices.es\/#\/schema\/logo\/image\/","url":"https:\/\/thekeyservices.es\/wp-content\/uploads\/2023\/11\/the-key-logo-calpe.png","contentUrl":"https:\/\/thekeyservices.es\/wp-content\/uploads\/2023\/11\/the-key-logo-calpe.png","width":600,"height":300,"caption":"The Key Services"},"image":{"@id":"https:\/\/thekeyservices.es\/#\/schema\/logo\/image\/"},"sameAs":["https:\/\/www.facebook.com\/thekeyservices\/?locale=hi_IN","https:\/\/www.instagram.com\/thekeyservices\/?hl=es"]}]}</script>
<!-- / Yoast SEO Premium plugin. -->

Villa de 180m2 con vistas a la montaña dividida en dos plantas separadas entre sí que forman dos apartamentos. Cuando entramos en la primera planta encontramos un recibidor que sirve de unión entre la zona de noche y la zona de día. La zona de noche cuenta con 2 amplias habitaciones con dos baños completos [&hellip;]

Les services clés

Locations de vacances à Calpe et dans les environs
