{"id":233,"date":"2023-11-03T07:20:37","date_gmt":"2023-11-03T07:20:37","guid":{"rendered":"https:\/\/thekeyservices.es\/?post_type=propiedades&#038;p=233"},"modified":"2024-10-29T14:33:07","modified_gmt":"2024-10-29T14:33:07","slug":"villa-les-basetes","status":"publish","type":"propiedades","link":"https:\/\/thekeyservices.es\/fr\/propiedades\/villa-les-basetes\/","title":{"rendered":"Villa Les Baset\u00e8s"},"content":{"rendered":"<p>Bienvenue \u00e0 la Villa Les Basetes, une villa extraordinaire situ\u00e9e dans le prestigieux quartier des Basetes, \u00e0 Benisa. Avec sa vue imprenable sur la mer et le Pe\u00f1\u00f3n de Ifach, cette villa offre un environnement serein et tranquille pour vos vacances pr\u00e8s de la mer.<\/p>\n<p>Avec 4 chambres, la Villa Les Basetes offre suffisamment d&#039;espace pour la d\u00e9tente et l&#039;intimit\u00e9. Sortez et d\u00e9couvrez la vue chaleureuse \u00e0 l&#039;ext\u00e9rieur, avec une charmante terrasse couverte par une pergola et un bel espace de d\u00e9tente qui entoure toute la propri\u00e9t\u00e9. A seulement quelques minutes de la balade \u00e9cologique qui vous fera voyager \u00e0 travers des criques de r\u00eave. Vous pourrez \u00e9galement pratiquer des sports nautiques \u00e0 quelques m\u00e8tres comme la plong\u00e9e, le paddle surf, le kayak, le catamaran, la voile... Venez ne le manquez pas !<\/p>\n<p>Con\u00e7ue avec de grandes fen\u00eatres, la Villa Les Basetes vous permet de vous immerger dans des couchers de soleil fascinants et de profiter de la douce brise matinale. La d\u00e9coration chaleureuse de la villa cr\u00e9e une atmosph\u00e8re cosy qui vous fera vous sentir instantan\u00e9ment chez vous.<\/p>\n<p>La Villa Les Basetes est la destination d\u00e9finitive pour des vacances inoubliables sur la Costa Blanca. Que vous recherchiez la d\u00e9tente, l&#039;aventure ou les deux, cette villa vous offre la base id\u00e9ale pour votre escapade m\u00e9diterran\u00e9enne.<\/p>\n<p>R\u00e9servez d\u00e8s aujourd&#039;hui votre s\u00e9jour \u00e0 la Villa Les Basetes et embarquez pour un incroyable voyage de mer et de tranquillit\u00e9.<\/p>\n<p>CARACT\u00c9RISTIQUES:<\/p>\n<ul>\n<li>4 chambres<\/li>\n<li>3 salles de bains<\/li>\n<li>Syst\u00e8me divis\u00e9<\/li>\n<li>Piscine<\/li>\n<li>Terrasse<\/li>\n<li>aire de stationnement<\/li>\n<li>Wifi<\/li>\n<\/ul>","protected":false},"featured_media":1644,"template":"","venta-o-alquiler":[13],"categoria-de-propiedad":[5],"class_list":["post-233","propiedades","type-propiedades","status-publish","has-post-thumbnail","hentry","venta-o-alquiler-alquiler","categoria-de-propiedad-villas"],"yoast_head":"<!-- This site is optimized with the Yoast SEO Premium plugin v22.7 (Yoast SEO v27.4) - https:\/\/yoast.com\/product\/yoast-seo-premium-wordpress\/ -->\n<title>Villa Les Basetes - The Key Services<\/title>\n<meta name=\"robots\" content=\"index, follow, max-snippet:-1, max-image-preview:large, max-video-preview:-1\" \/>\n<link rel=\"canonical\" href=\"https:\/\/thekeyservices.es\/fr\/propiedades\/villa-les-basetes\/\" \/>\n<meta property=\"og:locale\" content=\"fr_FR\" \/>\n<meta property=\"og:type\" content=\"article\" \/>\n<meta property=\"og:title\" content=\"Villa Les Basetes\" \/>\n<meta property=\"og:description\" content=\"Bienvenido a Villa Les Basetes, una extraordinaria villa situada en la prestigiosa zona de les Basetes, en Benisa. Con sus impresionantes vistas al mar y al pe\u00f1\u00f3n de Ifach, esta villa ofrece un entorno sereno y tranquilo para tus vacaciones cerca del mar. Con 4 dormitorios, Villa Les Basetes ofrece un amplio espacio para la [&hellip;]\" \/>\n<meta property=\"og:url\" content=\"https:\/\/thekeyservices.es\/fr\/propiedades\/villa-les-basetes\/\" \/>\n<meta property=\"og:site_name\" content=\"The Key Services\" \/>\n<meta property=\"article:publisher\" content=\"https:\/\/www.facebook.com\/thekeyservices\/?locale=hi_IN\" \/>\n<meta property=\"article:modified_time\" content=\"2024-10-29T14:33:07+00:00\" \/>\n<meta property=\"og:image\" content=\"https:\/\/thekeyservices.es\/wp-content\/uploads\/2023\/11\/IMG-20241028-WA0087.jpg\" \/>\n\t<meta property=\"og:image:width\" content=\"1600\" \/>\n\t<meta property=\"og:image:height\" content=\"1066\" \/>\n\t<meta property=\"og:image:type\" content=\"image\/jpeg\" \/>\n<meta name=\"twitter:card\" content=\"summary_large_image\" \/>\n<meta name=\"twitter:label1\" content=\"Dur\u00e9e de lecture estim\u00e9e\" \/>\n\t<meta name=\"twitter:data1\" content=\"2 minutes\" \/>\n<script type=\"application\/ld+json\" class=\"yoast-schema-graph\">{\"@context\":\"https:\\\/\\\/schema.org\",\"@graph\":[{\"@type\":\"WebPage\",\"@id\":\"https:\\\/\\\/thekeyservices.es\\\/propiedades\\\/villa-les-basetes\\\/\",\"url\":\"https:\\\/\\\/thekeyservices.es\\\/propiedades\\\/villa-les-basetes\\\/\",\"name\":\"Villa Les Basetes - The Key Services\",\"isPartOf\":{\"@id\":\"https:\\\/\\\/thekeyservices.es\\\/#website\"},\"primaryImageOfPage\":{\"@id\":\"https:\\\/\\\/thekeyservices.es\\\/propiedades\\\/villa-les-basetes\\\/#primaryimage\"},\"image\":{\"@id\":\"https:\\\/\\\/thekeyservices.es\\\/propiedades\\\/villa-les-basetes\\\/#primaryimage\"},\"thumbnailUrl\":\"https:\\\/\\\/thekeyservices.es\\\/wp-content\\\/uploads\\\/2023\\\/11\\\/IMG-20241028-WA0087.jpg\",\"datePublished\":\"2023-11-03T07:20:37+00:00\",\"dateModified\":\"2024-10-29T14:33:07+00:00\",\"breadcrumb\":{\"@id\":\"https:\\\/\\\/thekeyservices.es\\\/propiedades\\\/villa-les-basetes\\\/#breadcrumb\"},\"inLanguage\":\"fr-FR\",\"potentialAction\":[{\"@type\":\"ReadAction\",\"target\":[\"https:\\\/\\\/thekeyservices.es\\\/propiedades\\\/villa-les-basetes\\\/\"]}]},{\"@type\":\"ImageObject\",\"inLanguage\":\"fr-FR\",\"@id\":\"https:\\\/\\\/thekeyservices.es\\\/propiedades\\\/villa-les-basetes\\\/#primaryimage\",\"url\":\"https:\\\/\\\/thekeyservices.es\\\/wp-content\\\/uploads\\\/2023\\\/11\\\/IMG-20241028-WA0087.jpg\",\"contentUrl\":\"https:\\\/\\\/thekeyservices.es\\\/wp-content\\\/uploads\\\/2023\\\/11\\\/IMG-20241028-WA0087.jpg\",\"width\":1600,\"height\":1066},{\"@type\":\"BreadcrumbList\",\"@id\":\"https:\\\/\\\/thekeyservices.es\\\/propiedades\\\/villa-les-basetes\\\/#breadcrumb\",\"itemListElement\":[{\"@type\":\"ListItem\",\"position\":1,\"name\":\"Portada\",\"item\":\"https:\\\/\\\/thekeyservices.es\\\/\"},{\"@type\":\"ListItem\",\"position\":2,\"name\":\"Propiedades\",\"item\":\"https:\\\/\\\/thekeyservices.es\\\/propiedades\\\/\"},{\"@type\":\"ListItem\",\"position\":3,\"name\":\"Villa Les Basetes\"}]},{\"@type\":\"WebSite\",\"@id\":\"https:\\\/\\\/thekeyservices.es\\\/#website\",\"url\":\"https:\\\/\\\/thekeyservices.es\\\/\",\"name\":\"The Key Services\",\"description\":\"Alquiler Vacacional en Calpe y Alrededores\",\"publisher\":{\"@id\":\"https:\\\/\\\/thekeyservices.es\\\/#organization\"},\"potentialAction\":[{\"@type\":\"SearchAction\",\"target\":{\"@type\":\"EntryPoint\",\"urlTemplate\":\"https:\\\/\\\/thekeyservices.es\\\/?s={search_term_string}\"},\"query-input\":{\"@type\":\"PropertyValueSpecification\",\"valueRequired\":true,\"valueName\":\"search_term_string\"}}],\"inLanguage\":\"fr-FR\"},{\"@type\":\"Organization\",\"@id\":\"https:\\\/\\\/thekeyservices.es\\\/#organization\",\"name\":\"The Key Services\",\"url\":\"https:\\\/\\\/thekeyservices.es\\\/\",\"logo\":{\"@type\":\"ImageObject\",\"inLanguage\":\"fr-FR\",\"@id\":\"https:\\\/\\\/thekeyservices.es\\\/#\\\/schema\\\/logo\\\/image\\\/\",\"url\":\"https:\\\/\\\/thekeyservices.es\\\/wp-content\\\/uploads\\\/2023\\\/11\\\/the-key-logo-calpe.png\",\"contentUrl\":\"https:\\\/\\\/thekeyservices.es\\\/wp-content\\\/uploads\\\/2023\\\/11\\\/the-key-logo-calpe.png\",\"width\":600,\"height\":300,\"caption\":\"The Key Services\"},\"image\":{\"@id\":\"https:\\\/\\\/thekeyservices.es\\\/#\\\/schema\\\/logo\\\/image\\\/\"},\"sameAs\":[\"https:\\\/\\\/www.facebook.com\\\/thekeyservices\\\/?locale=hi_IN\",\"https:\\\/\\\/www.instagram.com\\\/thekeyservices\\\/?hl=es\"]}]}<\/script>\n<!-- \/ Yoast SEO Premium plugin. -->","yoast_head_json":{"title":"Villa Les Basetes - The Key Services","robots":{"index":"index","follow":"follow","max-snippet":"max-snippet:-1","max-image-preview":"max-image-preview:large","max-video-preview":"max-video-preview:-1"},"canonical":"https:\/\/thekeyservices.es\/fr\/propiedades\/villa-les-basetes\/","og_locale":"fr_FR","og_type":"article","og_title":"Villa Les Basetes","og_description":"Bienvenido a Villa Les Basetes, una extraordinaria villa situada en la prestigiosa zona de les Basetes, en Benisa. Con sus impresionantes vistas al mar y al pe\u00f1\u00f3n de Ifach, esta villa ofrece un entorno sereno y tranquilo para tus vacaciones cerca del mar. Con 4 dormitorios, Villa Les Basetes ofrece un amplio espacio para la [&hellip;]","og_url":"https:\/\/thekeyservices.es\/fr\/propiedades\/villa-les-basetes\/","og_site_name":"The Key Services","article_publisher":"https:\/\/www.facebook.com\/thekeyservices\/?locale=hi_IN","article_modified_time":"2024-10-29T14:33:07+00:00","og_image":[{"width":1600,"height":1066,"url":"https:\/\/thekeyservices.es\/wp-content\/uploads\/2023\/11\/IMG-20241028-WA0087.jpg","type":"image\/jpeg"}],"twitter_card":"summary_large_image","twitter_misc":{"Dur\u00e9e de lecture estim\u00e9e":"2 minutes"},"schema":{"@context":"https:\/\/schema.org","@graph":[{"@type":"WebPage","@id":"https:\/\/thekeyservices.es\/propiedades\/villa-les-basetes\/","url":"https:\/\/thekeyservices.es\/propiedades\/villa-les-basetes\/","name":"Villa Les Basetes - The Key Services","isPartOf":{"@id":"https:\/\/thekeyservices.es\/#website"},"primaryImageOfPage":{"@id":"https:\/\/thekeyservices.es\/propiedades\/villa-les-basetes\/#primaryimage"},"image":{"@id":"https:\/\/thekeyservices.es\/propiedades\/villa-les-basetes\/#primaryimage"},"thumbnailUrl":"https:\/\/thekeyservices.es\/wp-content\/uploads\/2023\/11\/IMG-20241028-WA0087.jpg","datePublished":"2023-11-03T07:20:37+00:00","dateModified":"2024-10-29T14:33:07+00:00","breadcrumb":{"@id":"https:\/\/thekeyservices.es\/propiedades\/villa-les-basetes\/#breadcrumb"},"inLanguage":"fr-FR","potentialAction":[{"@type":"ReadAction","target":["https:\/\/thekeyservices.es\/propiedades\/villa-les-basetes\/"]}]},{"@type":"ImageObject","inLanguage":"fr-FR","@id":"https:\/\/thekeyservices.es\/propiedades\/villa-les-basetes\/#primaryimage","url":"https:\/\/thekeyservices.es\/wp-content\/uploads\/2023\/11\/IMG-20241028-WA0087.jpg","contentUrl":"https:\/\/thekeyservices.es\/wp-content\/uploads\/2023\/11\/IMG-20241028-WA0087.jpg","width":1600,"height":1066},{"@type":"BreadcrumbList","@id":"https:\/\/thekeyservices.es\/propiedades\/villa-les-basetes\/#breadcrumb","itemListElement":[{"@type":"ListItem","position":1,"name":"Portada","item":"https:\/\/thekeyservices.es\/"},{"@type":"ListItem","position":2,"name":"Propiedades","item":"https:\/\/thekeyservices.es\/propiedades\/"},{"@type":"ListItem","position":3,"name":"Villa Les Basetes"}]},{"@type":"WebSite","@id":"https:\/\/thekeyservices.es\/#website","url":"https:\/\/thekeyservices.es\/","name":"Les services cl\u00e9s","description":"Locations de vacances \u00e0 Calpe et dans les environs","publisher":{"@id":"https:\/\/thekeyservices.es\/#organization"},"potentialAction":[{"@type":"SearchAction","target":{"@type":"EntryPoint","urlTemplate":"https:\/\/thekeyservices.es\/?s={search_term_string}"},"query-input":{"@type":"PropertyValueSpecification","valueRequired":true,"valueName":"search_term_string"}}],"inLanguage":"fr-FR"},{"@type":"Organization","@id":"https:\/\/thekeyservices.es\/#organization","name":"Les services cl\u00e9s","url":"https:\/\/thekeyservices.es\/","logo":{"@type":"ImageObject","inLanguage":"fr-FR","@id":"https:\/\/thekeyservices.es\/#\/schema\/logo\/image\/","url":"https:\/\/thekeyservices.es\/wp-content\/uploads\/2023\/11\/the-key-logo-calpe.png","contentUrl":"https:\/\/thekeyservices.es\/wp-content\/uploads\/2023\/11\/the-key-logo-calpe.png","width":600,"height":300,"caption":"The Key Services"},"image":{"@id":"https:\/\/thekeyservices.es\/#\/schema\/logo\/image\/"},"sameAs":["https:\/\/www.facebook.com\/thekeyservices\/?locale=hi_IN","https:\/\/www.instagram.com\/thekeyservices\/?hl=es"]}]}},"_links":{"self":[{"href":"https:\/\/thekeyservices.es\/fr\/wp-json\/wp\/v2\/propiedades\/233","targetHints":{"allow":["GET"]}}],"collection":[{"href":"https:\/\/thekeyservices.es\/fr\/wp-json\/wp\/v2\/propiedades"}],"about":[{"href":"https:\/\/thekeyservices.es\/fr\/wp-json\/wp\/v2\/types\/propiedades"}],"wp:featuredmedia":[{"embeddable":true,"href":"https:\/\/thekeyservices.es\/fr\/wp-json\/wp\/v2\/media\/1644"}],"wp:attachment":[{"href":"https:\/\/thekeyservices.es\/fr\/wp-json\/wp\/v2\/media?parent=233"}],"wp:term":[{"taxonomy":"venta-o-alquiler","embeddable":true,"href":"https:\/\/thekeyservices.es\/fr\/wp-json\/wp\/v2\/venta-o-alquiler?post=233"},{"taxonomy":"categoria-de-propiedad","embeddable":true,"href":"https:\/\/thekeyservices.es\/fr\/wp-json\/wp\/v2\/categoria-de-propiedad?post=233"}],"curies":[{"name":"wp","href":"https:\/\/api.w.org\/{rel}","templated":true}]}}

Villa Les Basetès

<p>Bienvenue à la Villa Les Basetes, une villa extraordinaire située dans le prestigieux quartier des Basetes, à Benisa. Avec sa vue imprenable sur la mer et le Peñón de Ifach, cette villa offre un environnement serein et tranquille pour vos vacances près de la mer.</p>
<p>Avec 4 chambres, la Villa Les Basetes offre suffisamment d&#039;espace pour la détente et l&#039;intimité. Sortez et découvrez la vue chaleureuse à l&#039;extérieur, avec une charmante terrasse couverte par une pergola et un bel espace de détente qui entoure toute la propriété. A seulement quelques minutes de la balade écologique qui vous fera voyager à travers des criques de rêve. Vous pourrez également pratiquer des sports nautiques à quelques mètres comme la plongée, le paddle surf, le kayak, le catamaran, la voile... Venez ne le manquez pas !</p>
<p>Conçue avec de grandes fenêtres, la Villa Les Basetes vous permet de vous immerger dans des couchers de soleil fascinants et de profiter de la douce brise matinale. La décoration chaleureuse de la villa crée une atmosphère cosy qui vous fera vous sentir instantanément chez vous.</p>
<p>La Villa Les Basetes est la destination définitive pour des vacances inoubliables sur la Costa Blanca. Que vous recherchiez la détente, l&#039;aventure ou les deux, cette villa vous offre la base idéale pour votre escapade méditerranéenne.</p>
<p>Réservez dès aujourd&#039;hui votre séjour à la Villa Les Basetes et embarquez pour un incroyable voyage de mer et de tranquillité.</p>
<p>CARACTÉRISTIQUES:</p>
<ul>
<li>4 chambres</li>
<li>3 salles de bains</li>
<li>Système divisé</li>
<li>Piscine</li>
<li>Terrasse</li>
<li>aire de stationnement</li>
<li>Wifi</li>
</ul>

<!-- This site is optimized with the Yoast SEO Premium plugin v22.7 (Yoast SEO v27.4) - https://yoast.com/product/yoast-seo-premium-wordpress/ -->
<title>Villa Les Basetes - The Key Services</title>
<meta name="robots" content="index, follow, max-snippet:-1, max-image-preview:large, max-video-preview:-1" />
<link rel="canonical" href="https://thekeyservices.es/fr/propiedades/villa-les-basetes/" />
<meta property="og:locale" content="fr_FR" />
<meta property="og:type" content="article" />
<meta property="og:title" content="Villa Les Basetes" />
<meta property="og:description" content="Bienvenido a Villa Les Basetes, una extraordinaria villa situada en la prestigiosa zona de les Basetes, en Benisa. Con sus impresionantes vistas al mar y al peñón de Ifach, esta villa ofrece un entorno sereno y tranquilo para tus vacaciones cerca del mar. Con 4 dormitorios, Villa Les Basetes ofrece un amplio espacio para la [&hellip;]" />
<meta property="og:url" content="https://thekeyservices.es/fr/propiedades/villa-les-basetes/" />
<meta property="og:site_name" content="The Key Services" />
<meta property="article:publisher" content="https://www.facebook.com/thekeyservices/?locale=hi_IN" />
<meta property="article:modified_time" content="2024-10-29T14:33:07+00:00" />
<meta property="og:image" content="https://thekeyservices.es/wp-content/uploads/2023/11/IMG-20241028-WA0087.jpg" />
	<meta property="og:image:width" content="1600" />
	<meta property="og:image:height" content="1066" />
	<meta property="og:image:type" content="image/jpeg" />
<meta name="twitter:card" content="summary_large_image" />
<meta name="twitter:label1" content="Durée de lecture estimée" />
	<meta name="twitter:data1" content="2 minutes" />
<script type="application/ld+json" class="yoast-schema-graph">{"@context":"https:\/\/schema.org","@graph":[{"@type":"WebPage","@id":"https:\/\/thekeyservices.es\/propiedades\/villa-les-basetes\/","url":"https:\/\/thekeyservices.es\/propiedades\/villa-les-basetes\/","name":"Villa Les Basetes - The Key Services","isPartOf":{"@id":"https:\/\/thekeyservices.es\/#website"},"primaryImageOfPage":{"@id":"https:\/\/thekeyservices.es\/propiedades\/villa-les-basetes\/#primaryimage"},"image":{"@id":"https:\/\/thekeyservices.es\/propiedades\/villa-les-basetes\/#primaryimage"},"thumbnailUrl":"https:\/\/thekeyservices.es\/wp-content\/uploads\/2023\/11\/IMG-20241028-WA0087.jpg","datePublished":"2023-11-03T07:20:37+00:00","dateModified":"2024-10-29T14:33:07+00:00","breadcrumb":{"@id":"https:\/\/thekeyservices.es\/propiedades\/villa-les-basetes\/#breadcrumb"},"inLanguage":"fr-FR","potentialAction":[{"@type":"ReadAction","target":["https:\/\/thekeyservices.es\/propiedades\/villa-les-basetes\/"]}]},{"@type":"ImageObject","inLanguage":"fr-FR","@id":"https:\/\/thekeyservices.es\/propiedades\/villa-les-basetes\/#primaryimage","url":"https:\/\/thekeyservices.es\/wp-content\/uploads\/2023\/11\/IMG-20241028-WA0087.jpg","contentUrl":"https:\/\/thekeyservices.es\/wp-content\/uploads\/2023\/11\/IMG-20241028-WA0087.jpg","width":1600,"height":1066},{"@type":"BreadcrumbList","@id":"https:\/\/thekeyservices.es\/propiedades\/villa-les-basetes\/#breadcrumb","itemListElement":[{"@type":"ListItem","position":1,"name":"Portada","item":"https:\/\/thekeyservices.es\/"},{"@type":"ListItem","position":2,"name":"Propiedades","item":"https:\/\/thekeyservices.es\/propiedades\/"},{"@type":"ListItem","position":3,"name":"Villa Les Basetes"}]},{"@type":"WebSite","@id":"https:\/\/thekeyservices.es\/#website","url":"https:\/\/thekeyservices.es\/","name":"The Key Services","description":"Alquiler Vacacional en Calpe y Alrededores","publisher":{"@id":"https:\/\/thekeyservices.es\/#organization"},"potentialAction":[{"@type":"SearchAction","target":{"@type":"EntryPoint","urlTemplate":"https:\/\/thekeyservices.es\/?s={search_term_string}"},"query-input":{"@type":"PropertyValueSpecification","valueRequired":true,"valueName":"search_term_string"}}],"inLanguage":"fr-FR"},{"@type":"Organization","@id":"https:\/\/thekeyservices.es\/#organization","name":"The Key Services","url":"https:\/\/thekeyservices.es\/","logo":{"@type":"ImageObject","inLanguage":"fr-FR","@id":"https:\/\/thekeyservices.es\/#\/schema\/logo\/image\/","url":"https:\/\/thekeyservices.es\/wp-content\/uploads\/2023\/11\/the-key-logo-calpe.png","contentUrl":"https:\/\/thekeyservices.es\/wp-content\/uploads\/2023\/11\/the-key-logo-calpe.png","width":600,"height":300,"caption":"The Key Services"},"image":{"@id":"https:\/\/thekeyservices.es\/#\/schema\/logo\/image\/"},"sameAs":["https:\/\/www.facebook.com\/thekeyservices\/?locale=hi_IN","https:\/\/www.instagram.com\/thekeyservices\/?hl=es"]}]}</script>
<!-- / Yoast SEO Premium plugin. -->

Bienvenido a Villa Les Basetes, una extraordinaria villa situada en la prestigiosa zona de les Basetes, en Benisa. Con sus impresionantes vistas al mar y al peñón de Ifach, esta villa ofrece un entorno sereno y tranquilo para tus vacaciones cerca del mar. Con 4 dormitorios, Villa Les Basetes ofrece un amplio espacio para la [&hellip;]

Les services clés

Locations de vacances à Calpe et dans les environs
