{"id":948,"date":"2023-11-06T14:32:09","date_gmt":"2023-11-06T14:32:09","guid":{"rendered":"https:\/\/thekeyservices.es\/?post_type=propiedades&#038;p=948"},"modified":"2026-04-03T15:42:35","modified_gmt":"2026-04-03T15:42:35","slug":"villa-pantaleon","status":"publish","type":"propiedades","link":"https:\/\/thekeyservices.es\/fr\/propiedades\/villa-pantaleon\/","title":{"rendered":"Villa Pantale\u00f3n \u2013 VENDUE"},"content":{"rendered":"<p>Bienvenue \u00e0 la Villa Pantale\u00f3n, une villa extraordinaire situ\u00e9e dans le prestigieux quartier de Calpe. Cette villa offre un environnement serein et tranquille pour vos vacances pr\u00e8s de la mer. Entour\u00e9 par la nature et \u00e0 quelques minutes de la plage des Basetes.<\/p>\n<p>Propri\u00e9t\u00e9 unique \u00e0 Calpe, aux Bassetes, situ\u00e9e \u00e0 400 m\u00e8tres de la mer. Ancienne ferme Riurau enti\u00e8rement r\u00e9nov\u00e9e de 1870 avec une vue incroyable sur la mer. Il est situ\u00e9 sur un terrain plat de 1 200 m2 et a une superficie construite d&#039;environ 300 m2 r\u00e9partis sur 2 \u00e9tages.<\/p>\n<p>Avec 4 chambres, la Villa Pantale\u00f3n offre suffisamment d&#039;espace pour la d\u00e9tente et l&#039;intimit\u00e9. Sortez et d\u00e9couvrez la vue agr\u00e9able \u00e0 l&#039;ext\u00e9rieur, avec une charmante terrasse et un bel espace de d\u00e9tente qui entoure toute la propri\u00e9t\u00e9.<\/p>\n<p>A seulement quelques minutes de la balade \u00e9cologique qui vous fera voyager \u00e0 travers des criques de r\u00eave. Vous pourrez \u00e9galement pratiquer des sports nautiques \u00e0 quelques m\u00e8tres comme la plong\u00e9e, le paddle surf, le kayak, le catamaran, la voile... Venez ne le manquez pas !<\/p>\n<p>Con\u00e7ue avec de grandes fen\u00eatres, la Villa Pantale\u00f3n vous permet de vous immerger dans des couchers de soleil fascinants et de profiter de la douce brise matinale. La d\u00e9coration chaleureuse de la villa cr\u00e9e une atmosph\u00e8re cosy qui vous fera vous sentir instantan\u00e9ment chez vous.<\/p>\n<p>La Villa Pantale\u00f3n est la destination d\u00e9finitive pour des vacances inoubliables sur la Costa Blanca. Que vous recherchiez la d\u00e9tente, l&#039;aventure ou les deux, cette villa vous offre la base id\u00e9ale pour votre escapade m\u00e9diterran\u00e9enne.<\/p>\n<p>R\u00e9servez votre s\u00e9jour \u00e0 la Villa Pantale\u00f3n d\u00e8s aujourd&#039;hui et embarquez pour un incroyable voyage de mer et de tranquillit\u00e9.<\/p>\n<p><strong>CARACT\u00c9RISTIQUES:<\/strong><\/p>\n<ul>\n<li>4 chambres<\/li>\n<li>3 salles de bains<\/li>\n<li>Syst\u00e8me divis\u00e9<\/li>\n<li>Piscine<\/li>\n<li>Terrasse<\/li>\n<li>aire de stationnement<\/li>\n<\/ul>\n<p>&nbsp;<\/p>\n<p><strong>VENDU<\/strong><\/p>","protected":false},"featured_media":952,"template":"","venta-o-alquiler":[22],"categoria-de-propiedad":[5],"class_list":["post-948","propiedades","type-propiedades","status-publish","has-post-thumbnail","hentry","venta-o-alquiler-venta","categoria-de-propiedad-villas"],"yoast_head":"<!-- This site is optimized with the Yoast SEO Premium plugin v22.7 (Yoast SEO v27.4) - https:\/\/yoast.com\/product\/yoast-seo-premium-wordpress\/ -->\n<title>Villa Pantale\u00f3n - VENDIDA - The Key Services<\/title>\n<meta name=\"robots\" content=\"index, follow, max-snippet:-1, max-image-preview:large, max-video-preview:-1\" \/>\n<link rel=\"canonical\" href=\"https:\/\/thekeyservices.es\/fr\/propiedades\/villa-pantaleon\/\" \/>\n<meta property=\"og:locale\" content=\"fr_FR\" \/>\n<meta property=\"og:type\" content=\"article\" \/>\n<meta property=\"og:title\" content=\"Villa Pantale\u00f3n - VENDIDA\" \/>\n<meta property=\"og:description\" content=\"Bienvenido a Villa Pantale\u00f3n, una extraordinaria villa situada en la prestigiosa zona de Calpe. Esta villa ofrece un entorno sereno y tranquilo para tus vacaciones cerca del mar. Rodeado de naturaleza y a escasos minutos de la playa de les Basetes. Propiedad \u00fanica en Calpe, en Les Bassetes, situada a 400 metros del mar. Antigua [&hellip;]\" \/>\n<meta property=\"og:url\" content=\"https:\/\/thekeyservices.es\/fr\/propiedades\/villa-pantaleon\/\" \/>\n<meta property=\"og:site_name\" content=\"The Key Services\" \/>\n<meta property=\"article:publisher\" content=\"https:\/\/www.facebook.com\/thekeyservices\/?locale=hi_IN\" \/>\n<meta property=\"article:modified_time\" content=\"2026-04-03T15:42:35+00:00\" \/>\n<meta property=\"og:image\" content=\"https:\/\/thekeyservices.es\/wp-content\/uploads\/2023\/11\/Villa-pantaleon-1.jpg\" \/>\n\t<meta property=\"og:image:width\" content=\"1500\" \/>\n\t<meta property=\"og:image:height\" content=\"2000\" \/>\n\t<meta property=\"og:image:type\" content=\"image\/jpeg\" \/>\n<meta name=\"twitter:card\" content=\"summary_large_image\" \/>\n<meta name=\"twitter:label1\" content=\"Dur\u00e9e de lecture estim\u00e9e\" \/>\n\t<meta name=\"twitter:data1\" content=\"2 minutes\" \/>\n<script type=\"application\/ld+json\" class=\"yoast-schema-graph\">{\"@context\":\"https:\\\/\\\/schema.org\",\"@graph\":[{\"@type\":\"WebPage\",\"@id\":\"https:\\\/\\\/thekeyservices.es\\\/propiedades\\\/villa-pantaleon\\\/\",\"url\":\"https:\\\/\\\/thekeyservices.es\\\/propiedades\\\/villa-pantaleon\\\/\",\"name\":\"Villa Pantale\u00f3n - VENDIDA - The Key Services\",\"isPartOf\":{\"@id\":\"https:\\\/\\\/thekeyservices.es\\\/#website\"},\"primaryImageOfPage\":{\"@id\":\"https:\\\/\\\/thekeyservices.es\\\/propiedades\\\/villa-pantaleon\\\/#primaryimage\"},\"image\":{\"@id\":\"https:\\\/\\\/thekeyservices.es\\\/propiedades\\\/villa-pantaleon\\\/#primaryimage\"},\"thumbnailUrl\":\"https:\\\/\\\/thekeyservices.es\\\/wp-content\\\/uploads\\\/2023\\\/11\\\/Villa-pantaleon-1.jpg\",\"datePublished\":\"2023-11-06T14:32:09+00:00\",\"dateModified\":\"2026-04-03T15:42:35+00:00\",\"breadcrumb\":{\"@id\":\"https:\\\/\\\/thekeyservices.es\\\/propiedades\\\/villa-pantaleon\\\/#breadcrumb\"},\"inLanguage\":\"fr-FR\",\"potentialAction\":[{\"@type\":\"ReadAction\",\"target\":[\"https:\\\/\\\/thekeyservices.es\\\/propiedades\\\/villa-pantaleon\\\/\"]}]},{\"@type\":\"ImageObject\",\"inLanguage\":\"fr-FR\",\"@id\":\"https:\\\/\\\/thekeyservices.es\\\/propiedades\\\/villa-pantaleon\\\/#primaryimage\",\"url\":\"https:\\\/\\\/thekeyservices.es\\\/wp-content\\\/uploads\\\/2023\\\/11\\\/Villa-pantaleon-1.jpg\",\"contentUrl\":\"https:\\\/\\\/thekeyservices.es\\\/wp-content\\\/uploads\\\/2023\\\/11\\\/Villa-pantaleon-1.jpg\",\"width\":1500,\"height\":2000},{\"@type\":\"BreadcrumbList\",\"@id\":\"https:\\\/\\\/thekeyservices.es\\\/propiedades\\\/villa-pantaleon\\\/#breadcrumb\",\"itemListElement\":[{\"@type\":\"ListItem\",\"position\":1,\"name\":\"Portada\",\"item\":\"https:\\\/\\\/thekeyservices.es\\\/\"},{\"@type\":\"ListItem\",\"position\":2,\"name\":\"Propiedades\",\"item\":\"https:\\\/\\\/thekeyservices.es\\\/propiedades\\\/\"},{\"@type\":\"ListItem\",\"position\":3,\"name\":\"Villa Pantale\u00f3n &#8211; VENDIDA\"}]},{\"@type\":\"WebSite\",\"@id\":\"https:\\\/\\\/thekeyservices.es\\\/#website\",\"url\":\"https:\\\/\\\/thekeyservices.es\\\/\",\"name\":\"The Key Services\",\"description\":\"Alquiler Vacacional en Calpe y Alrededores\",\"publisher\":{\"@id\":\"https:\\\/\\\/thekeyservices.es\\\/#organization\"},\"potentialAction\":[{\"@type\":\"SearchAction\",\"target\":{\"@type\":\"EntryPoint\",\"urlTemplate\":\"https:\\\/\\\/thekeyservices.es\\\/?s={search_term_string}\"},\"query-input\":{\"@type\":\"PropertyValueSpecification\",\"valueRequired\":true,\"valueName\":\"search_term_string\"}}],\"inLanguage\":\"fr-FR\"},{\"@type\":\"Organization\",\"@id\":\"https:\\\/\\\/thekeyservices.es\\\/#organization\",\"name\":\"The Key Services\",\"url\":\"https:\\\/\\\/thekeyservices.es\\\/\",\"logo\":{\"@type\":\"ImageObject\",\"inLanguage\":\"fr-FR\",\"@id\":\"https:\\\/\\\/thekeyservices.es\\\/#\\\/schema\\\/logo\\\/image\\\/\",\"url\":\"https:\\\/\\\/thekeyservices.es\\\/wp-content\\\/uploads\\\/2023\\\/11\\\/the-key-logo-calpe.png\",\"contentUrl\":\"https:\\\/\\\/thekeyservices.es\\\/wp-content\\\/uploads\\\/2023\\\/11\\\/the-key-logo-calpe.png\",\"width\":600,\"height\":300,\"caption\":\"The Key Services\"},\"image\":{\"@id\":\"https:\\\/\\\/thekeyservices.es\\\/#\\\/schema\\\/logo\\\/image\\\/\"},\"sameAs\":[\"https:\\\/\\\/www.facebook.com\\\/thekeyservices\\\/?locale=hi_IN\",\"https:\\\/\\\/www.instagram.com\\\/thekeyservices\\\/?hl=es\"]}]}<\/script>\n<!-- \/ Yoast SEO Premium plugin. -->","yoast_head_json":{"title":"Villa Pantale\u00f3n - VENDIDA - The Key Services","robots":{"index":"index","follow":"follow","max-snippet":"max-snippet:-1","max-image-preview":"max-image-preview:large","max-video-preview":"max-video-preview:-1"},"canonical":"https:\/\/thekeyservices.es\/fr\/propiedades\/villa-pantaleon\/","og_locale":"fr_FR","og_type":"article","og_title":"Villa Pantale\u00f3n - VENDIDA","og_description":"Bienvenido a Villa Pantale\u00f3n, una extraordinaria villa situada en la prestigiosa zona de Calpe. Esta villa ofrece un entorno sereno y tranquilo para tus vacaciones cerca del mar. Rodeado de naturaleza y a escasos minutos de la playa de les Basetes. Propiedad \u00fanica en Calpe, en Les Bassetes, situada a 400 metros del mar. Antigua [&hellip;]","og_url":"https:\/\/thekeyservices.es\/fr\/propiedades\/villa-pantaleon\/","og_site_name":"The Key Services","article_publisher":"https:\/\/www.facebook.com\/thekeyservices\/?locale=hi_IN","article_modified_time":"2026-04-03T15:42:35+00:00","og_image":[{"width":1500,"height":2000,"url":"https:\/\/thekeyservices.es\/wp-content\/uploads\/2023\/11\/Villa-pantaleon-1.jpg","type":"image\/jpeg"}],"twitter_card":"summary_large_image","twitter_misc":{"Dur\u00e9e de lecture estim\u00e9e":"2 minutes"},"schema":{"@context":"https:\/\/schema.org","@graph":[{"@type":"WebPage","@id":"https:\/\/thekeyservices.es\/propiedades\/villa-pantaleon\/","url":"https:\/\/thekeyservices.es\/propiedades\/villa-pantaleon\/","name":"Villa Pantale\u00f3n - VENDIDA - The Key Services","isPartOf":{"@id":"https:\/\/thekeyservices.es\/#website"},"primaryImageOfPage":{"@id":"https:\/\/thekeyservices.es\/propiedades\/villa-pantaleon\/#primaryimage"},"image":{"@id":"https:\/\/thekeyservices.es\/propiedades\/villa-pantaleon\/#primaryimage"},"thumbnailUrl":"https:\/\/thekeyservices.es\/wp-content\/uploads\/2023\/11\/Villa-pantaleon-1.jpg","datePublished":"2023-11-06T14:32:09+00:00","dateModified":"2026-04-03T15:42:35+00:00","breadcrumb":{"@id":"https:\/\/thekeyservices.es\/propiedades\/villa-pantaleon\/#breadcrumb"},"inLanguage":"fr-FR","potentialAction":[{"@type":"ReadAction","target":["https:\/\/thekeyservices.es\/propiedades\/villa-pantaleon\/"]}]},{"@type":"ImageObject","inLanguage":"fr-FR","@id":"https:\/\/thekeyservices.es\/propiedades\/villa-pantaleon\/#primaryimage","url":"https:\/\/thekeyservices.es\/wp-content\/uploads\/2023\/11\/Villa-pantaleon-1.jpg","contentUrl":"https:\/\/thekeyservices.es\/wp-content\/uploads\/2023\/11\/Villa-pantaleon-1.jpg","width":1500,"height":2000},{"@type":"BreadcrumbList","@id":"https:\/\/thekeyservices.es\/propiedades\/villa-pantaleon\/#breadcrumb","itemListElement":[{"@type":"ListItem","position":1,"name":"Portada","item":"https:\/\/thekeyservices.es\/"},{"@type":"ListItem","position":2,"name":"Propiedades","item":"https:\/\/thekeyservices.es\/propiedades\/"},{"@type":"ListItem","position":3,"name":"Villa Pantale\u00f3n &#8211; VENDIDA"}]},{"@type":"WebSite","@id":"https:\/\/thekeyservices.es\/#website","url":"https:\/\/thekeyservices.es\/","name":"Les services cl\u00e9s","description":"Locations de vacances \u00e0 Calpe et dans les environs","publisher":{"@id":"https:\/\/thekeyservices.es\/#organization"},"potentialAction":[{"@type":"SearchAction","target":{"@type":"EntryPoint","urlTemplate":"https:\/\/thekeyservices.es\/?s={search_term_string}"},"query-input":{"@type":"PropertyValueSpecification","valueRequired":true,"valueName":"search_term_string"}}],"inLanguage":"fr-FR"},{"@type":"Organization","@id":"https:\/\/thekeyservices.es\/#organization","name":"Les services cl\u00e9s","url":"https:\/\/thekeyservices.es\/","logo":{"@type":"ImageObject","inLanguage":"fr-FR","@id":"https:\/\/thekeyservices.es\/#\/schema\/logo\/image\/","url":"https:\/\/thekeyservices.es\/wp-content\/uploads\/2023\/11\/the-key-logo-calpe.png","contentUrl":"https:\/\/thekeyservices.es\/wp-content\/uploads\/2023\/11\/the-key-logo-calpe.png","width":600,"height":300,"caption":"The Key Services"},"image":{"@id":"https:\/\/thekeyservices.es\/#\/schema\/logo\/image\/"},"sameAs":["https:\/\/www.facebook.com\/thekeyservices\/?locale=hi_IN","https:\/\/www.instagram.com\/thekeyservices\/?hl=es"]}]}},"_links":{"self":[{"href":"https:\/\/thekeyservices.es\/fr\/wp-json\/wp\/v2\/propiedades\/948","targetHints":{"allow":["GET"]}}],"collection":[{"href":"https:\/\/thekeyservices.es\/fr\/wp-json\/wp\/v2\/propiedades"}],"about":[{"href":"https:\/\/thekeyservices.es\/fr\/wp-json\/wp\/v2\/types\/propiedades"}],"wp:featuredmedia":[{"embeddable":true,"href":"https:\/\/thekeyservices.es\/fr\/wp-json\/wp\/v2\/media\/952"}],"wp:attachment":[{"href":"https:\/\/thekeyservices.es\/fr\/wp-json\/wp\/v2\/media?parent=948"}],"wp:term":[{"taxonomy":"venta-o-alquiler","embeddable":true,"href":"https:\/\/thekeyservices.es\/fr\/wp-json\/wp\/v2\/venta-o-alquiler?post=948"},{"taxonomy":"categoria-de-propiedad","embeddable":true,"href":"https:\/\/thekeyservices.es\/fr\/wp-json\/wp\/v2\/categoria-de-propiedad?post=948"}],"curies":[{"name":"wp","href":"https:\/\/api.w.org\/{rel}","templated":true}]}}

Villa Pantaleón – VENDUE

<p>Bienvenue à la Villa Pantaleón, une villa extraordinaire située dans le prestigieux quartier de Calpe. Cette villa offre un environnement serein et tranquille pour vos vacances près de la mer. Entouré par la nature et à quelques minutes de la plage des Basetes.</p>
<p>Propriété unique à Calpe, aux Bassetes, située à 400 mètres de la mer. Ancienne ferme Riurau entièrement rénovée de 1870 avec une vue incroyable sur la mer. Il est situé sur un terrain plat de 1 200 m2 et a une superficie construite d&#039;environ 300 m2 répartis sur 2 étages.</p>
<p>Avec 4 chambres, la Villa Pantaleón offre suffisamment d&#039;espace pour la détente et l&#039;intimité. Sortez et découvrez la vue agréable à l&#039;extérieur, avec une charmante terrasse et un bel espace de détente qui entoure toute la propriété.</p>
<p>A seulement quelques minutes de la balade écologique qui vous fera voyager à travers des criques de rêve. Vous pourrez également pratiquer des sports nautiques à quelques mètres comme la plongée, le paddle surf, le kayak, le catamaran, la voile... Venez ne le manquez pas !</p>
<p>Conçue avec de grandes fenêtres, la Villa Pantaleón vous permet de vous immerger dans des couchers de soleil fascinants et de profiter de la douce brise matinale. La décoration chaleureuse de la villa crée une atmosphère cosy qui vous fera vous sentir instantanément chez vous.</p>
<p>La Villa Pantaleón est la destination définitive pour des vacances inoubliables sur la Costa Blanca. Que vous recherchiez la détente, l&#039;aventure ou les deux, cette villa vous offre la base idéale pour votre escapade méditerranéenne.</p>
<p>Réservez votre séjour à la Villa Pantaleón dès aujourd&#039;hui et embarquez pour un incroyable voyage de mer et de tranquillité.</p>
<p><strong>CARACTÉRISTIQUES:</strong></p>
<ul>
<li>4 chambres</li>
<li>3 salles de bains</li>
<li>Système divisé</li>
<li>Piscine</li>
<li>Terrasse</li>
<li>aire de stationnement</li>
</ul>
<p>&nbsp;</p>
<p><strong>VENDU</strong></p>

<!-- This site is optimized with the Yoast SEO Premium plugin v22.7 (Yoast SEO v27.4) - https://yoast.com/product/yoast-seo-premium-wordpress/ -->
<title>Villa Pantaleón - VENDIDA - The Key Services</title>
<meta name="robots" content="index, follow, max-snippet:-1, max-image-preview:large, max-video-preview:-1" />
<link rel="canonical" href="https://thekeyservices.es/fr/propiedades/villa-pantaleon/" />
<meta property="og:locale" content="fr_FR" />
<meta property="og:type" content="article" />
<meta property="og:title" content="Villa Pantaleón - VENDIDA" />
<meta property="og:description" content="Bienvenido a Villa Pantaleón, una extraordinaria villa situada en la prestigiosa zona de Calpe. Esta villa ofrece un entorno sereno y tranquilo para tus vacaciones cerca del mar. Rodeado de naturaleza y a escasos minutos de la playa de les Basetes. Propiedad única en Calpe, en Les Bassetes, situada a 400 metros del mar. Antigua [&hellip;]" />
<meta property="og:url" content="https://thekeyservices.es/fr/propiedades/villa-pantaleon/" />
<meta property="og:site_name" content="The Key Services" />
<meta property="article:publisher" content="https://www.facebook.com/thekeyservices/?locale=hi_IN" />
<meta property="article:modified_time" content="2026-04-03T15:42:35+00:00" />
<meta property="og:image" content="https://thekeyservices.es/wp-content/uploads/2023/11/Villa-pantaleon-1.jpg" />
	<meta property="og:image:width" content="1500" />
	<meta property="og:image:height" content="2000" />
	<meta property="og:image:type" content="image/jpeg" />
<meta name="twitter:card" content="summary_large_image" />
<meta name="twitter:label1" content="Durée de lecture estimée" />
	<meta name="twitter:data1" content="2 minutes" />
<script type="application/ld+json" class="yoast-schema-graph">{"@context":"https:\/\/schema.org","@graph":[{"@type":"WebPage","@id":"https:\/\/thekeyservices.es\/propiedades\/villa-pantaleon\/","url":"https:\/\/thekeyservices.es\/propiedades\/villa-pantaleon\/","name":"Villa Pantaleón - VENDIDA - The Key Services","isPartOf":{"@id":"https:\/\/thekeyservices.es\/#website"},"primaryImageOfPage":{"@id":"https:\/\/thekeyservices.es\/propiedades\/villa-pantaleon\/#primaryimage"},"image":{"@id":"https:\/\/thekeyservices.es\/propiedades\/villa-pantaleon\/#primaryimage"},"thumbnailUrl":"https:\/\/thekeyservices.es\/wp-content\/uploads\/2023\/11\/Villa-pantaleon-1.jpg","datePublished":"2023-11-06T14:32:09+00:00","dateModified":"2026-04-03T15:42:35+00:00","breadcrumb":{"@id":"https:\/\/thekeyservices.es\/propiedades\/villa-pantaleon\/#breadcrumb"},"inLanguage":"fr-FR","potentialAction":[{"@type":"ReadAction","target":["https:\/\/thekeyservices.es\/propiedades\/villa-pantaleon\/"]}]},{"@type":"ImageObject","inLanguage":"fr-FR","@id":"https:\/\/thekeyservices.es\/propiedades\/villa-pantaleon\/#primaryimage","url":"https:\/\/thekeyservices.es\/wp-content\/uploads\/2023\/11\/Villa-pantaleon-1.jpg","contentUrl":"https:\/\/thekeyservices.es\/wp-content\/uploads\/2023\/11\/Villa-pantaleon-1.jpg","width":1500,"height":2000},{"@type":"BreadcrumbList","@id":"https:\/\/thekeyservices.es\/propiedades\/villa-pantaleon\/#breadcrumb","itemListElement":[{"@type":"ListItem","position":1,"name":"Portada","item":"https:\/\/thekeyservices.es\/"},{"@type":"ListItem","position":2,"name":"Propiedades","item":"https:\/\/thekeyservices.es\/propiedades\/"},{"@type":"ListItem","position":3,"name":"Villa Pantaleón &#8211; VENDIDA"}]},{"@type":"WebSite","@id":"https:\/\/thekeyservices.es\/#website","url":"https:\/\/thekeyservices.es\/","name":"The Key Services","description":"Alquiler Vacacional en Calpe y Alrededores","publisher":{"@id":"https:\/\/thekeyservices.es\/#organization"},"potentialAction":[{"@type":"SearchAction","target":{"@type":"EntryPoint","urlTemplate":"https:\/\/thekeyservices.es\/?s={search_term_string}"},"query-input":{"@type":"PropertyValueSpecification","valueRequired":true,"valueName":"search_term_string"}}],"inLanguage":"fr-FR"},{"@type":"Organization","@id":"https:\/\/thekeyservices.es\/#organization","name":"The Key Services","url":"https:\/\/thekeyservices.es\/","logo":{"@type":"ImageObject","inLanguage":"fr-FR","@id":"https:\/\/thekeyservices.es\/#\/schema\/logo\/image\/","url":"https:\/\/thekeyservices.es\/wp-content\/uploads\/2023\/11\/the-key-logo-calpe.png","contentUrl":"https:\/\/thekeyservices.es\/wp-content\/uploads\/2023\/11\/the-key-logo-calpe.png","width":600,"height":300,"caption":"The Key Services"},"image":{"@id":"https:\/\/thekeyservices.es\/#\/schema\/logo\/image\/"},"sameAs":["https:\/\/www.facebook.com\/thekeyservices\/?locale=hi_IN","https:\/\/www.instagram.com\/thekeyservices\/?hl=es"]}]}</script>
<!-- / Yoast SEO Premium plugin. -->

Villa Pantaleón - VENDIDA - The Key Services

Villa Pantaleón - VENDIDA

Bienvenido a Villa Pantaleón, una extraordinaria villa situada en la prestigiosa zona de Calpe. Esta villa ofrece un entorno sereno y tranquilo para tus vacaciones cerca del mar. Rodeado de naturaleza y a escasos minutos de la playa de les Basetes. Propiedad única en Calpe, en Les Bassetes, situada a 400 metros del mar. Antigua [&hellip;]

Villa Pantaleón &#8211; VENDIDA

Les services clés

Locations de vacances à Calpe et dans les environs
